000
CDUS46 KMFR 290835
CLIMHS

CLIMATE REPORT
NATIONAL WEATHER SERVICE MEDFORD, OR
135 AM PDT THU SEP 29 2022

...................................

...THE MT SHASTA CITY CA CLIMATE SUMMARY FOR SEPTEMBER 28 2022...

CLIMATE NORMAL PERIOD 1991 TO 2020
CLIMATE RECORD PERIOD 1908 TO 2022


WEATHER ITEM   OBSERVED TIME   RECORD YEAR NORMAL DEPARTURE LAST
                VALUE   (LST)  VALUE       VALUE  FROM      YEAR
                                                  NORMAL
...................................................................
TEMPERATURE (F)
 YESTERDAY
  MAXIMUM         77    225 PM  90    1967  74      3       59
                                      2003
                                      2020
  MINIMUM         46    617 AM  31    1986  42      4       37
  AVERAGE         62                        58      4       48

PRECIPITATION (IN)
  YESTERDAY        T             0.53 1962   0.02  -0.02     0.00
  MONTH TO DATE    1.09                      0.45   0.64     0.83
  SINCE OCT 1     21.30                     37.56 -16.26    19.53
  SINCE JAN 1      7.95                     25.32 -17.37    15.95

SNOWFALL (IN)
  YESTERDAY       MM                        MM     MM       MM
  MONTH TO DATE   MM                         0.0   MM       MM
  SINCE JUL 1     MM                        MM     MM       MM
  SNOW DEPTH      MM

DEGREE DAYS
 HEATING
  YESTERDAY        3                         8     -5       17
  MONTH TO DATE   83                       121    -38       76
  SINCE SEP 1     83                       121    -38       76
  SINCE JUL 1     93                       174    -81       85

 COOLING
  YESTERDAY        0                         0      0        0
  MONTH TO DATE   91                        32     59       45
  SINCE SEP 1     91                        32     59       45
  SINCE JAN 1    656                       308    348      755
...................................................................


WIND (MPH)
  HIGHEST WIND SPEED     5   HIGHEST WIND DIRECTION     W (290)
  HIGHEST GUST SPEED    15   HIGHEST GUST DIRECTION    SE (140)
  AVERAGE WIND SPEED     0.3


SKY COVER
  POSSIBLE SUNSHINE  MM
  AVERAGE SKY COVER 0.2


WEATHER CONDITIONS
THE FOLLOWING WEATHER WAS RECORDED YESTERDAY.
  NO SIGNIFICANT WEATHER WAS OBSERVED.


RELATIVE HUMIDITY (PERCENT)
 HIGHEST    76           600 AM
 LOWEST     29           100 PM

..........................................................


THE MT SHASTA CITY CA CLIMATE NORMALS FOR TODAY
                         NORMAL    RECORD    YEAR
 MAXIMUM TEMPERATURE (F)   73        88      1980
                                             2008
                                             2010
 MINIMUM TEMPERATURE (F)   42        29      1954


SUNRISE AND SUNSET
SEPTEMBER 29 2022.....SUNRISE   704 AM PDT   SUNSET   654 PM PDT
SEPTEMBER 30 2022.....SUNRISE   705 AM PDT   SUNSET   652 PM PDT


-  INDICATES NEGATIVE NUMBERS.
R  INDICATES RECORD WAS SET OR TIED.
MM INDICATES DATA IS MISSING.
T  INDICATES TRACE AMOUNT.




$$
