000
CDUS41 KGYX 062048
CLIMHT

CLIMATE REPORT
NATIONAL WEATHER SERVICE GRAY ME
448 PM EDT THU OCT 06 2022

...................................

...THE MANCHESTER CLIMATE SUMMARY FOR OCTOBER 6 2022...
VALID TODAY AS OF 0400 PM LOCAL TIME.

CLIMATE NORMAL PERIOD: 1991 TO 2020
CLIMATE RECORD PERIOD: 1885 TO 2022


WEATHER ITEM   OBSERVED TIME   RECORD YEAR NORMAL DEPARTURE LAST
                VALUE   (LST)  VALUE       VALUE  FROM      YEAR
                                                  NORMAL
...................................................................
TEMPERATURE (F)
 TODAY
  MAXIMUM         75   2:59 PM  82    2007  66      9       74
  MINIMUM         54   7:17 AM  30    1929  46      8       52
  AVERAGE         65                        56      9

PRECIPITATION (IN)
  TODAY            T             4.76 1962   0.12  -0.12     0.00
  MONTH TO DATE    0.33                      0.73  -0.40     1.00
  SINCE SEP 1      6.35                      4.45   1.90     6.78
  SINCE JAN 1     28.00                     30.47  -2.47    34.92

SNOWFALL (IN)
  TODAY            0.0          MM      MM  MM               0.0
  MONTH TO DATE    0.0                       0.0             0.0
  SINCE JUL 1      0.0                      MM               0.0
  SNOW DEPTH       0

DEGREE DAYS
 HEATING
  TODAY            0                         9     -9        2
  MONTH TO DATE   61                        51     10       37
  SINCE SEP 1    163                       149     14       63
  SINCE JUL 1    163                       159      4       73

 COOLING
  TODAY            0                         0      0        0
  MONTH TO DATE    0                         2     -2        0
  SINCE SEP 1     60                        80    -20       95
  SINCE JAN 1   1010                       769    241      957
...................................................................


WIND (MPH)
  RESULTANT WIND SPEED   3   RESULTANT WIND DIRECTION  NW (310)
  HIGHEST WIND SPEED     9   HIGHEST WIND DIRECTION     N (350)
  HIGHEST GUST SPEED    13   HIGHEST GUST DIRECTION     N (360)


WEATHER CONDITIONS
THE FOLLOWING WEATHER WAS RECORDED TODAY.
  FOG
  FOG W/VISIBILITY <= 1/4 MILE


RELATIVE HUMIDITY (PERCENT)
 HIGHEST    97
 LOWEST     38
 AVERAGE    68

..........................................................


THE MANCHESTER CLIMATE NORMALS FOR TOMORROW
                         NORMAL    RECORD    YEAR
 MAXIMUM TEMPERATURE (F)   66        82      2005
 MINIMUM TEMPERATURE (F)   45        30      1954


SUNRISE AND SUNSET
OCTOBER  6 2022.......SUNRISE   6:49 AM EDT   SUNSET   6:18 PM EDT
OCTOBER  7 2022.......SUNRISE   6:50 AM EDT   SUNSET   6:17 PM EDT


-  INDICATES NEGATIVE NUMBERS.
R  INDICATES RECORD WAS SET OR TIED.
MM INDICATES DATA IS MISSING.
T  INDICATES TRACE AMOUNT.




$$
