000
CDUS42 KMFL 020828
CLIMIA

CLIMATE REPORT
NATIONAL WEATHER SERVICE MIAMI, FL
428 AM EDT SUN OCT 02 2022

...................................

...THE MIAMI CLIMATE SUMMARY FOR OCTOBER 1 2022...

CLIMATE NORMAL PERIOD: 1991 TO 2020
CLIMATE RECORD PERIOD: 1895 TO 2022


WEATHER ITEM   OBSERVED TIME   RECORD YEAR NORMAL DEPARTURE LAST
                VALUE   (LST)  VALUE       VALUE  FROM      YEAR
                                                  NORMAL
...................................................................
TEMPERATURE (F)
 YESTERDAY
  MAXIMUM         86  11:05 AM  95    1980  88     -2       83
  MINIMUM         75   6:44 AM  59    1920  76     -1       73
  AVERAGE         81                        82     -1       78

PRECIPITATION (IN)
  YESTERDAY        T             3.35 1952   0.31  -0.31     0.80
  MONTH TO DATE    T                         0.31  -0.31     0.80
  SINCE JUN 1     37.74                     37.98  -0.24    40.83
  SINCE JAN 1     56.48                     54.10   2.38    51.59

SNOWFALL (IN)
  YESTERDAY        0.0
  MONTH TO DATE    0.0
  SINCE SEP 1      0.0
  SINCE JUL 1      0.0
  SNOW DEPTH       0

DEGREE DAYS
 HEATING
  YESTERDAY        0                         0      0        0
  MONTH TO DATE    0                         0      0        0
  SINCE SEP 1      0                         0      0        0
  SINCE JUL 1      0                         0      0        0

 COOLING
  YESTERDAY       16                        17     -1       13
  MONTH TO DATE   16                        17     -1       13
  SINCE SEP 1    605                       555     50      564
  SINCE JAN 1   4107                      3690    417     3922
...................................................................


WIND (MPH)
  HIGHEST WIND SPEED    13   HIGHEST WIND DIRECTION     E (70)
  HIGHEST GUST SPEED    17   HIGHEST GUST DIRECTION     E (90)
  AVERAGE WIND SPEED     4.2


SKY COVER
  POSSIBLE SUNSHINE  MM
  AVERAGE SKY COVER 0.8


WEATHER CONDITIONS
THE FOLLOWING WEATHER WAS RECORDED YESTERDAY.
  LIGHT RAIN


RELATIVE HUMIDITY (PERCENT)
 HIGHEST    85
 LOWEST     61
 AVERAGE    73

..........................................................


THE MIAMI CLIMATE NORMALS FOR TODAY
                         NORMAL    RECORD    YEAR
 MAXIMUM TEMPERATURE (F)   88        94      1989
 MINIMUM TEMPERATURE (F)   76        59      1920


SUNRISE AND SUNSET
OCTOBER  2 2022.......SUNRISE   7:14 AM EDT   SUNSET   7:07 PM EDT
OCTOBER  3 2022.......SUNRISE   7:14 AM EDT   SUNSET   7:06 PM EDT


-  INDICATES NEGATIVE NUMBERS.
R  INDICATES RECORD WAS SET OR TIED.
MM INDICATES DATA IS MISSING.
T  INDICATES TRACE AMOUNT.




$$
