000
CDUS43 KIND 052038
CLIMIE

CLIMATE REPORT
NATIONAL WEATHER SERVICE INDIANAPOLIS IN
438 PM EDT WED OCT 05 2022

...................................

...THE MUNCIE IN CLIMATE SUMMARY FOR OCTOBER 5 2022...
VALID TODAY AS OF 0400 PM LOCAL TIME.

CLIMATE NORMAL PERIOD 1991 TO 2020
CLIMATE RECORD PERIOD 9999 TO 9999


WEATHER ITEM   OBSERVED TIME   NORMAL DEPARTURE LAST
                VALUE   (LST)  VALUE  FROM      YEAR
                                      NORMAL
.......................................................
TEMPERATURE (F)
 TODAY
  MAXIMUM         79    243 PM  71      8       79
  MINIMUM         42    639 AM  49     -7       61
  AVERAGE         61            60      1       70

PRECIPITATION (IN)
  TODAY            0.00          0.10  -0.10     0.00
  MONTH TO DATE    0.00          0.49  -0.49     0.15
  SINCE SEP 1      1.42          3.58  -2.16     5.32
  SINCE JAN 1     24.52         31.99  -7.47    28.19

.......................................................


WIND (MPH)
  HIGHEST WIND SPEED     9   HIGHEST WIND DIRECTION    NW (300)
  HIGHEST GUST SPEED    15   HIGHEST GUST DIRECTION     W (260)
  AVERAGE WIND SPEED     1.7


SKY COVER
  AVERAGE SKY COVER 0.0


WEATHER CONDITIONS
THE FOLLOWING WEATHER WAS RECORDED TODAY.
  HAZE


RELATIVE HUMIDITY (PERCENT)
 HIGHEST    79           700 AM
 LOWEST     15           300 PM

..........................................................


THE MUNCIE IN CLIMATE NORMALS FOR TOMORROW
                         NORMAL    RECORD    YEAR
 MAXIMUM TEMPERATURE (F)   71        MM        MM
 MINIMUM TEMPERATURE (F)   49        MM        MM


SUNRISE AND SUNSET
OCTOBER  5 2022.......SUNRISE   742 AM EDT   SUNSET   717 PM EDT
OCTOBER  6 2022.......SUNRISE   743 AM EDT   SUNSET   716 PM EDT


-  INDICATES NEGATIVE NUMBERS.
R  INDICATES RECORD WAS SET OR TIED.
MM INDICATES DATA IS MISSING.
T  INDICATES TRACE AMOUNT.




$$
