000
CDUS43 KMKX 052121
CLIMKE

CLIMATE REPORT
NATIONAL WEATHER SERVICE MILWAUKEE/SULLIVAN WI
421 PM CDT WED OCT 05 2022

...................................

...THE MILWAUKEE  WI CLIMATE SUMMARY FOR OCTOBER 5 2022...
VALID TODAY AS OF 0400 PM LOCAL TIME.

CLIMATE NORMAL PERIOD 1991 TO 2020
CLIMATE RECORD PERIOD 1871 TO 2022


WEATHER ITEM   OBSERVED TIME   RECORD YEAR NORMAL DEPARTURE LAST
                VALUE   (LST)  VALUE       VALUE  FROM      YEAR
                                                  NORMAL
...................................................................
TEMPERATURE (F)
 TODAY
  MAXIMUM         76    219 PM  87    1922  66     10       67
                                      1997
  MINIMUM         49    444 AM  26    1876  49      0       65
  AVERAGE         63                        57      6       66

PRECIPITATION (IN)
  TODAY            0.00          1.64 1959   0.09  -0.09     0.00
  MONTH TO DATE    0.00                      0.49  -0.49     0.22
  SINCE SEP 1      6.23                      3.65   2.58     1.90
  SINCE JAN 1     29.61                     28.16   1.45    17.83

SNOWFALL (IN)
  TODAY            0.0           T    1935   0.0    0.0      0.0
  MONTH TO DATE    0.0                       0.0    0.0      0.0
  SINCE SEP 1      0.0                       0.0    0.0      0.0
  SINCE JUL 1      0.0                       0.0    0.0      0.0
  SNOW DEPTH       0

DEGREE DAYS
 HEATING
  TODAY            2                         8     -6        0
  MONTH TO DATE   32                        38     -6        0
  SINCE SEP 1    121                       132    -11       15
  SINCE JUL 1    121                       146    -25       18

 COOLING
  TODAY            0                         1     -1        1
  MONTH TO DATE    0                         5     -5       23
  SINCE SEP 1    132                        98     34      146
  SINCE JAN 1    936                       774    162     1055
...................................................................


WIND (MPH)
  HIGHEST WIND SPEED    14   HIGHEST WIND DIRECTION    SW (210)
  HIGHEST GUST SPEED    19   HIGHEST GUST DIRECTION     W (270)
  AVERAGE WIND SPEED     5.8


SKY COVER
  POSSIBLE SUNSHINE  MM
  AVERAGE SKY COVER 0.7


WEATHER CONDITIONS
THE FOLLOWING WEATHER WAS RECORDED TODAY.
  NO SIGNIFICANT WEATHER WAS OBSERVED.


RELATIVE HUMIDITY (PERCENT)
 HIGHEST    77           100 AM
 LOWEST     25           300 PM
 AVERAGE    51

..........................................................


THE MILWAUKEE  WI CLIMATE NORMALS FOR TOMORROW
                         NORMAL    RECORD    YEAR
 MAXIMUM TEMPERATURE (F)   66        89      1963
 MINIMUM TEMPERATURE (F)   48        26      1952
                                             1964


SUNRISE AND SUNSET
OCTOBER  5 2022.......SUNRISE   653 AM CDT   SUNSET   626 PM CDT
OCTOBER  6 2022.......SUNRISE   655 AM CDT   SUNSET   624 PM CDT


-  INDICATES NEGATIVE NUMBERS.
R  INDICATES RECORD WAS SET OR TIED.
MM INDICATES DATA IS MISSING.
T  INDICATES TRACE AMOUNT.




$$
