000
CDUS43 KGRR 052122
CLIMKG

CLIMATE REPORT
NATIONAL WEATHER SERVICE GRAND RAPIDS, MICHIGAN
522 PM EDT WED OCT 05 2022

...................................

...THE MUSKEGON CLIMATE SUMMARY FOR OCTOBER 5 2022...
VALID TODAY AS OF 0500 PM LOCAL TIME.

CLIMATE NORMAL PERIOD: 1991 TO 2020
CLIMATE RECORD PERIOD: 1896 TO 2022


WEATHER ITEM   OBSERVED TIME   RECORD YEAR NORMAL DEPARTURE LAST
                VALUE   (LST)  VALUE       VALUE  FROM      YEAR
                                                  NORMAL
...................................................................
TEMPERATURE (F)
 TODAY
  MAXIMUM         72   1:37 PM  83    2007  65      7       72
  MINIMUM         45   4:06 AM  28    2004  47     -2       60
  AVERAGE         59                        56      3       66

PRECIPITATION (IN)
  TODAY            0.00          1.63 1904   0.11  -0.11     0.00
  MONTH TO DATE    0.00                      0.59  -0.59     0.47
  SINCE SEP 1      2.57                      3.85  -1.28     2.12
  SINCE JAN 1     25.08                     26.53  -1.45    23.74

SNOWFALL (IN)
  TODAY            0.0          MM      MM   0.0    0.0      0.0
  MONTH TO DATE    0.0                       0.0    0.0      0.0
  SINCE SEP 1      0.0                       0.0    0.0      0.0
  SINCE JUL 1      0.0                       0.0    0.0      0.0
  SNOW DEPTH       0

DEGREE DAYS
 HEATING
  TODAY            6                        10     -4        0
  MONTH TO DATE   44                        44      0        1
  SINCE SEP 1    134                       160    -26       45
  SINCE JUL 1    141                       182    -41       48

 COOLING
  TODAY            0                         0      0        1
  MONTH TO DATE    0                         3     -3       10
  SINCE SEP 1    108                        73     35       79
  SINCE JAN 1    864                       646    218      819
...................................................................


WIND (MPH)
  RESULTANT WIND SPEED   4   RESULTANT WIND DIRECTION   S (200)
  HIGHEST WIND SPEED    12   HIGHEST WIND DIRECTION    SW (210)
  HIGHEST GUST SPEED    15   HIGHEST GUST DIRECTION     W (250)
  AVERAGE WIND SPEED     4.5


SKY COVER
  AVERAGE SKY COVER 0.5


WEATHER CONDITIONS
THE FOLLOWING WEATHER WAS RECORDED TODAY.
  FOG


RELATIVE HUMIDITY (PERCENT)
 HIGHEST    90           7:00 AM
 LOWEST     42           3:00 PM
 AVERAGE    66

..........................................................


THE MUSKEGON CLIMATE NORMALS FOR TOMORROW
                         NORMAL    RECORD    YEAR
 MAXIMUM TEMPERATURE (F)   65        82      1900
 MINIMUM TEMPERATURE (F)   46        28      2003


SUNRISE AND SUNSET
OCTOBER  5 2022.......SUNRISE   7:47 AM EDT   SUNSET   7:19 PM EDT
OCTOBER  6 2022.......SUNRISE   7:48 AM EDT   SUNSET   7:17 PM EDT


-  INDICATES NEGATIVE NUMBERS.
R  INDICATES RECORD WAS SET OR TIED.
MM INDICATES DATA IS MISSING.
T  INDICATES TRACE AMOUNT.




$$
