000
CDUS44 KMEG 290633
CLIMKL

CLIMATE REPORT
NATIONAL WEATHER SERVICE MEMPHIS TN
133 AM CDT THU SEP 29 2022

...................................

...THE JACKSON CLIMATE SUMMARY FOR SEPTEMBER 28 2022...

CLIMATE NORMAL PERIOD 1991 TO 2020
CLIMATE RECORD PERIOD 1948 TO 2022


WEATHER ITEM   OBSERVED TIME   RECORD YEAR NORMAL DEPARTURE LAST
                VALUE   (LST)  VALUE       VALUE  FROM      YEAR
                                                  NORMAL
...................................................................
TEMPERATURE (F)
 YESTERDAY
  MAXIMUM         74    144 PM  97    1953  80     -6       87
  MINIMUM         43    604 AM  40    1967  55    -12       58
  AVERAGE         59                        68     -9       73

PRECIPITATION (IN)
  YESTERDAY        0.00          2.53 1964   0.13  -0.13     0.00
  MONTH TO DATE    1.52                      3.30  -1.78     1.44
  SINCE SEP 1      1.52                      3.30  -1.78     1.44
  SINCE JAN 1     38.38                     40.68  -2.30    43.62

DEGREE DAYS
 HEATING
  YESTERDAY        6                         2      4        0
  MONTH TO DATE   15                        15      0       11
  SINCE SEP 1     15                        15      0       11
  SINCE JUL 1     15                        15      0       11

 COOLING
  YESTERDAY        0                         4     -4        8
  MONTH TO DATE  200                       214    -14      194
  SINCE SEP 1    200                       214    -14      194
  SINCE JAN 1   1789                      1647    142     1538
...................................................................


WIND (MPH)
  HIGHEST WIND SPEED    20   HIGHEST WIND DIRECTION     N (20)
  HIGHEST GUST SPEED    26   HIGHEST GUST DIRECTION    NE (30)
  AVERAGE WIND SPEED     7.3


SKY COVER
  POSSIBLE SUNSHINE  MM
  AVERAGE SKY COVER 0.0


WEATHER CONDITIONS
THE FOLLOWING WEATHER WAS RECORDED YESTERDAY.
  HAZE


RELATIVE HUMIDITY (PERCENT)
 HIGHEST    97          1200 AM
 LOWEST     23           100 PM
 AVERAGE    60

..........................................................


THE JACKSON CLIMATE NORMALS FOR TODAY
                         NORMAL    RECORD    YEAR
 MAXIMUM TEMPERATURE (F)   80        98      1953
 MINIMUM TEMPERATURE (F)   55        36      1967


SUNRISE AND SUNSET
SEPTEMBER 29 2022.....SUNRISE   649 AM CDT   SUNSET   642 PM CDT
SEPTEMBER 30 2022.....SUNRISE   650 AM CDT   SUNSET   641 PM CDT


-  INDICATES NEGATIVE NUMBERS.
R  INDICATES RECORD WAS SET OR TIED.
MM INDICATES DATA IS MISSING.
T  INDICATES TRACE AMOUNT.




$$
