000
CDUS42 KMLB 060624
CLIMLB

CLIMATE REPORT
NATIONAL WEATHER SERVICE MELBOURNE FL
224 AM EDT THU OCT 06 2022

...................................

...THE MELBOURNE CLIMATE SUMMARY FOR OCTOBER 5 2022...

CLIMATE NORMAL PERIOD 1991 TO 2020
CLIMATE RECORD PERIOD 1939 TO 2022


WEATHER ITEM   OBSERVED TIME   RECORD YEAR NORMAL DEPARTURE LAST
                VALUE   (LST)  VALUE       VALUE  FROM      YEAR
                                                  NORMAL
...................................................................
TEMPERATURE (F)
 YESTERDAY
  MAXIMUM         81    110 PM  93    1986  87     -6       87
  MINIMUM         65    657 AM  59    1938  73     -8       69
  AVERAGE         73                        80     -7       78

PRECIPITATION (IN)
  YESTERDAY        0.00          1.40 1990   0.21  -0.21     0.00
  MONTH TO DATE    T                         1.09  -1.09     0.02
  SINCE SEP 1     15.51                      8.72   6.79     3.55
  SINCE JAN 1     41.93                     42.11  -0.18    29.99

SNOWFALL (IN)
  YESTERDAY        0.0
  MONTH TO DATE    0.0
  SINCE JUL 1      0.0

DEGREE DAYS
 HEATING
  YESTERDAY        0                         0      0        0
  MONTH TO DATE    0                         0      0        0
  SINCE SEP 1      0                         0      0        0
  SINCE JUL 1      0                         0      0        0

 COOLING
  YESTERDAY        8                        15     -7       13
  MONTH TO DATE   46                        76    -30       77
  SINCE SEP 1    528                       590    -62      561
  SINCE JAN 1   3261                      3221     40     3226
...................................................................


WIND (MPH)
  HIGHEST WIND SPEED    14   HIGHEST WIND DIRECTION    NE (50)
  HIGHEST GUST SPEED    17   HIGHEST GUST DIRECTION    NE (50)
  AVERAGE WIND SPEED     8.0


SKY COVER
  AVERAGE SKY COVER 0.4


WEATHER CONDITIONS
THE FOLLOWING WEATHER WAS RECORDED YESTERDAY.
  NO SIGNIFICANT WEATHER WAS OBSERVED.


RELATIVE HUMIDITY (PERCENT)
 HIGHEST    97           600 AM
 LOWEST     54           300 PM
 AVERAGE    76

..........................................................


THE MELBOURNE CLIMATE NORMALS FOR TODAY
                         NORMAL    RECORD    YEAR
 MAXIMUM TEMPERATURE (F)   87        92      2001
 MINIMUM TEMPERATURE (F)   73        60      1938
                                             1963
                                             1980


SUNRISE AND SUNSET
OCTOBER  6 2022.......SUNRISE   718 AM EDT   SUNSET   703 PM EDT
OCTOBER  7 2022.......SUNRISE   719 AM EDT   SUNSET   702 PM EDT


-  INDICATES NEGATIVE NUMBERS.
R  INDICATES RECORD WAS SET OR TIED.
MM INDICATES DATA IS MISSING.
T  INDICATES TRACE AMOUNT.




$$
