000
CDUS43 KDVN 290621
CLIMLI

CLIMATE REPORT
NATIONAL WEATHER SERVICE QUAD CITIES IA IL
121 AM CDT THU SEP 29 2022

...................................

...THE MOLINE IL CLIMATE SUMMARY FOR SEPTEMBER 28 2022...

CLIMATE NORMAL PERIOD 1991 TO 2020
CLIMATE RECORD PERIOD 1872 TO 2022


WEATHER ITEM   OBSERVED TIME   RECORD YEAR NORMAL DEPARTURE LAST
                VALUE   (LST)  VALUE       VALUE  FROM      YEAR
                                                  NORMAL
...................................................................
TEMPERATURE (F)
 YESTERDAY
  MAXIMUM         64    341 PM  95    1953  73     -9       85
  MINIMUM         38   1159 PM  24    1942  49    -11       56
  AVERAGE         51                        61    -10       71

PRECIPITATION (IN)
  YESTERDAY        0.00          1.94 1906   0.09  -0.09     0.00
  MONTH TO DATE    3.71                      3.15   0.56     0.87
  SINCE SEP 1      3.71                      3.15   0.56     0.87
  SINCE JAN 1     26.07                     30.95  -4.88    28.01

SNOWFALL (IN)
  YESTERDAY        0.0          MM      MM   0.0    0.0      0.0
  MONTH TO DATE    0.0                       0.0    0.0      0.0
  SINCE SEP 1      0.0                       0.0    0.0      0.0
  SINCE JUL 1      0.0                       0.0    0.0      0.0
  SNOW DEPTH       0

DEGREE DAYS
 HEATING
  YESTERDAY       14                         6      8        0
  MONTH TO DATE   61                        73    -12       14
  SINCE SEP 1     61                        73    -12       14
  SINCE JUL 1     62                        79    -17       14

 COOLING
  YESTERDAY        0                         2     -2        6
  MONTH TO DATE  141                       112     29      150
  SINCE SEP 1    141                       112     29      150
  SINCE JAN 1   1166                      1020    146     1257
...................................................................


WIND (MPH)
  HIGHEST WIND SPEED    12   HIGHEST WIND DIRECTION    NE (60)
  HIGHEST GUST SPEED    14   HIGHEST GUST DIRECTION     N (20)
  AVERAGE WIND SPEED     3.4


SKY COVER
  POSSIBLE SUNSHINE  MM
  AVERAGE SKY COVER 0.0


WEATHER CONDITIONS
THE FOLLOWING WEATHER WAS RECORDED YESTERDAY.
  NO SIGNIFICANT WEATHER WAS OBSERVED.


RELATIVE HUMIDITY (PERCENT)
 HIGHEST    89           900 PM
 LOWEST     34           400 PM
 AVERAGE    62

..........................................................


THE MOLINE IL CLIMATE NORMALS FOR TODAY
                         NORMAL    RECORD    YEAR
 MAXIMUM TEMPERATURE (F)   73        99      1953
 MINIMUM TEMPERATURE (F)   49        30      1949
                                             1984


SUNRISE AND SUNSET
SEPTEMBER 29 2022.....SUNRISE   657 AM CDT   SUNSET   647 PM CDT
SEPTEMBER 30 2022.....SUNRISE   658 AM CDT   SUNSET   645 PM CDT


-  INDICATES NEGATIVE NUMBERS.
R  INDICATES RECORD WAS SET OR TIED.
MM INDICATES DATA IS MISSING.
T  INDICATES TRACE AMOUNT.




$$
