000
CDUS45 KBYZ 052240
CLIMLS

CLIMATE REPORT
NATIONAL WEATHER SERVICE BILLINGS MT
440 PM MDT WED OCT 05 2022

...................................

...THE MILES CITY MT CLIMATE SUMMARY FOR OCTOBER 5 2022...
VALID TODAY AS OF 0400 PM LOCAL TIME.

CLIMATE NORMAL PERIOD 1991 TO 2020
CLIMATE RECORD PERIOD 1937 TO 2022


WEATHER ITEM   OBSERVED TIME   RECORD YEAR NORMAL DEPARTURE LAST
                VALUE   (LST)  VALUE       VALUE  FROM      YEAR
                                                  NORMAL
...................................................................
TEMPERATURE (F)
 TODAY
  MAXIMUM         78    236 PM  90    2021  65     13       90
  MINIMUM         44    629 AM  15    1952  39      5       48
  AVERAGE         61                        52      9       69

PRECIPITATION (IN)
  TODAY            0.00          1.25 1946   0.04  -0.04     0.00
  MONTH TO DATE    0.55                      0.19   0.36     0.00
  SINCE OCT 1      0.55                      0.19   0.36     0.00
  SINCE JAN 1      8.62                     11.55  -2.93     6.92

DEGREE DAYS
 HEATING
  TODAY            4                        13     -9        0
  MONTH TO DATE   39                        61    -22       14
  SINCE SEP 1    103                       237   -134      122
  SINCE JUL 1    106                       271   -165      145

 COOLING
  TODAY            0                         0      0        4
  MONTH TO DATE    0                         0      0        4
  SINCE SEP 1    124                        64     60       60
  SINCE JAN 1    938                       727    211     1038
...................................................................


WIND (MPH)
  HIGHEST WIND SPEED    13   HIGHEST WIND DIRECTION     W (280)
  HIGHEST GUST SPEED    16   HIGHEST GUST DIRECTION    NW (320)
  AVERAGE WIND SPEED     6.0


SKY COVER
  POSSIBLE SUNSHINE  MM
  AVERAGE SKY COVER 0.0


WEATHER CONDITIONS
THE FOLLOWING WEATHER WAS RECORDED TODAY.
  FOG
  FOG W/VISIBILITY <= 1/4 MILE


RELATIVE HUMIDITY (PERCENT)
 HIGHEST   100           500 AM
 LOWEST     31           200 PM
 AVERAGE    66

..........................................................


THE MILES CITY MT CLIMATE NORMALS FOR TOMORROW
                         NORMAL    RECORD    YEAR
 MAXIMUM TEMPERATURE (F)   65        88      1960
 MINIMUM TEMPERATURE (F)   39        14      1952


SUNRISE AND SUNSET
OCTOBER  5 2022.......SUNRISE   708 AM MDT   SUNSET   635 PM MDT
OCTOBER  6 2022.......SUNRISE   709 AM MDT   SUNSET   633 PM MDT


-  INDICATES NEGATIVE NUMBERS.
R  INDICATES RECORD WAS SET OR TIED.
MM INDICATES DATA IS MISSING.
T  INDICATES TRACE AMOUNT.




$$
