000
CDUS41 KCAR 010546
CLIMLT

CLIMATE REPORT
NATIONAL WEATHER SERVICE CARIBOU ME
146 AM EDT SAT OCT 01 2022

...................................

...THE MILLINOCKET ME CLIMATE SUMMARY FOR SEPTEMBER 30 2022...

CLIMATE NORMAL PERIOD: 1991 TO 2020
CLIMATE RECORD PERIOD: 1903 TO 2022


WEATHER ITEM   OBSERVED TIME   RECORD YEAR NORMAL DEPARTURE LAST
                VALUE   (LST)  VALUE       VALUE  FROM      YEAR
                                                  NORMAL
...................................................................
TEMPERATURE (F)
 YESTERDAY
  MAXIMUM         65   3:14 PM  84    1922  63      2       61
  MINIMUM         34   5:45 AM  22    1980  42     -8       47
  AVERAGE         50                        52     -2       54

PRECIPITATION (IN)
  YESTERDAY        0.00          4.18 2015   0.14  -0.14     0.01
  MONTH TO DATE    4.25                      3.61   0.64     7.28
  SINCE SEP 1      4.25                      3.61   0.64     7.28
  SINCE JAN 1     32.35                     30.50   1.85    27.64

DEGREE DAYS
 HEATING
  YESTERDAY       15                        13      2       11
  MONTH TO DATE  193                       227    -34      147
  SINCE SEP 1    193                       227    -34      147
  SINCE JUL 1    223                       297    -74      224

 COOLING
  YESTERDAY        0                         0      0        0
  MONTH TO DATE   20                        24     -4       12
  SINCE SEP 1     20                        24     -4       12
  SINCE JAN 1    366                       292     74      422
...................................................................


WIND (MPH)
  HIGHEST WIND SPEED     8   HIGHEST WIND DIRECTION     W (270)
  HIGHEST GUST SPEED    13   HIGHEST GUST DIRECTION     W (270)
  AVERAGE WIND SPEED     2.2


SKY COVER
  POSSIBLE SUNSHINE  MM
  AVERAGE SKY COVER 0.0


WEATHER CONDITIONS
THE FOLLOWING WEATHER WAS RECORDED YESTERDAY.
  NO SIGNIFICANT WEATHER WAS OBSERVED.


RELATIVE HUMIDITY (PERCENT)
 HIGHEST    96           5:00 AM
 LOWEST     42          12:00 PM
 AVERAGE    69

..........................................................


THE MILLINOCKET ME CLIMATE NORMALS FOR TODAY
                         NORMAL    RECORD    YEAR
 MAXIMUM TEMPERATURE (F)   62        78      1950
                                             1983
                                             2002
 MINIMUM TEMPERATURE (F)   41        25      1926
                                             1928


SUNRISE AND SUNSET
OCTOBER  1 2022.......SUNRISE   6:33 AM EDT   SUNSET   6:15 PM EDT
OCTOBER  2 2022.......SUNRISE   6:34 AM EDT   SUNSET   6:13 PM EDT


-  INDICATES NEGATIVE NUMBERS.
*  INDICATES RECORD WAS SET OR TIED.
MM INDICATES DATA IS MISSING.
T  INDICATES TRACE AMOUNT.




$$
