000
CDUS44 KSHV 260745
CLIMLU

CLIMATE REPORT
NATIONAL WEATHER SERVICE SHREVEPORT, LA
245 AM CDT MON SEP 26 2022

...................................

...THE MONROE CLIMATE SUMMARY FOR SEPTEMBER 25 2022...

CLIMATE NORMAL PERIOD: 1991 TO 2020
CLIMATE RECORD PERIOD: 1893 TO 2022


WEATHER ITEM   OBSERVED TIME   RECORD YEAR NORMAL DEPARTURE LAST
                VALUE   (LST)  VALUE       VALUE  FROM      YEAR
                                                  NORMAL
...................................................................
TEMPERATURE (F)
 YESTERDAY
  MAXIMUM         96   3:22 PM 101    1931  86     10       85
  MINIMUM         71   5:49 AM  46    1975  62      9       54
  AVERAGE         84                        74     10       70

PRECIPITATION (IN)
  YESTERDAY        0.00          2.14 1985   0.13  -0.13     0.00
  MONTH TO DATE    0.68                      2.89  -2.21     1.70
  SINCE SEP 1      0.68                      2.89  -2.21     1.70
  SINCE JAN 1     46.81                     40.11   6.70    40.30

SNOWFALL (IN)
  YESTERDAY        0.0
  MONTH TO DATE    0.0
  SINCE SEP 1      0.0
  SINCE JUL 1      0.0
  SNOW DEPTH       0

DEGREE DAYS
 HEATING
  YESTERDAY        0                         0      0        0
  MONTH TO DATE    0                         0      0        0
  SINCE SEP 1      0                         0      0        0
  SINCE JUL 1      0                         0      0        0

 COOLING
  YESTERDAY       19                        10      9        5
  MONTH TO DATE  379                       323     56      314
  SINCE SEP 1    379                       323     56      314
  SINCE JAN 1   2652                      2301    351     2340
...................................................................


WIND (MPH)
  HIGHEST WIND SPEED    15   HIGHEST WIND DIRECTION    NW (320)
  HIGHEST GUST SPEED    19   HIGHEST GUST DIRECTION     N (350)
  AVERAGE WIND SPEED     5.2


SKY COVER
  POSSIBLE SUNSHINE  MM
  AVERAGE SKY COVER 0.0


WEATHER CONDITIONS
THE FOLLOWING WEATHER WAS RECORDED YESTERDAY.
  FOG


RELATIVE HUMIDITY (PERCENT)
 HIGHEST    93           5:00 AM
 LOWEST     40           3:00 PM
 AVERAGE    67

..........................................................


THE MONROE CLIMATE NORMALS FOR TODAY
                         NORMAL    RECORD    YEAR
 MAXIMUM TEMPERATURE (F)   86       100      1910
 MINIMUM TEMPERATURE (F)   62        42      1975


SUNRISE AND SUNSET
SEPTEMBER 26 2022.....SUNRISE   6:59 AM CDT   SUNSET   6:59 PM CDT
SEPTEMBER 27 2022.....SUNRISE   7:00 AM CDT   SUNSET   6:58 PM CDT


-  INDICATES NEGATIVE NUMBERS.
R  INDICATES RECORD WAS SET OR TIED.
MM INDICATES DATA IS MISSING.
T  INDICATES TRACE AMOUNT.




$$
