000
CDUS46 KPQR 052321
CLIMMV

CLIMATE REPORT
NATIONAL WEATHER SERVICE PORTLAND OREGON
421 PM PDT WED OCT 05 2022

...................................

...THE MCMINNVILLE OR CLIMATE SUMMARY FOR OCTOBER 5 2022...
VALID AS OF 0400 PM LOCAL TIME.

CLIMATE NORMAL PERIOD 1991 TO 2020
CLIMATE RECORD PERIOD 1894 TO 2022


WEATHER ITEM   OBSERVED TIME   RECORD YEAR NORMAL DEPARTURE LAST
                VALUE   (LST)  VALUE       VALUE  FROM      YEAR
                                                  NORMAL
...................................................................
TEMPERATURE (F)
 TODAY
  MAXIMUM         69    259 PM  88    1980  69      0       57
                                      2014
  MINIMUM         48    144 AM  29    1956  44      4       43
  AVERAGE         59                        57      2       50

PRECIPITATION (IN)
  TODAY            0.00                      0.08  -0.08     0.29
  MONTH TO DATE    0.00                      0.39  -0.39     0.29
  SINCE OCT 1      0.00                      0.39  -0.39     0.29
  SINCE JAN 1     22.09                     22.36  -0.27    20.24

DEGREE DAYS
 HEATING
  TODAY            6                                        15
  MONTH TO DATE   14                                        50
  SINCE SEP 1     54                                       125
  SINCE JUL 1     68                                       156

 COOLING
  TODAY            0                                         0
  MONTH TO DATE    8                                         0
  SINCE SEP 1     67                                        41
  SINCE JAN 1    445                                       564
...................................................................


WIND (MPH)
  HIGHEST WIND SPEED     8   HIGHEST WIND DIRECTION     N (340)
  HIGHEST GUST SPEED    11   HIGHEST GUST DIRECTION    SE (140)
  AVERAGE WIND SPEED     2.6


SKY COVER
  POSSIBLE SUNSHINE  MM
  AVERAGE SKY COVER 0.7


WEATHER CONDITIONS
THE FOLLOWING WEATHER WAS RECORDED TODAY.
  FOG
  FOG W/VISIBILITY <= 1/4 MILE


RELATIVE HUMIDITY (PERCENT)
 HIGHEST   100           300 AM
 LOWEST     70           300 PM
 AVERAGE    85

..........................................................


THE MCMINNVILLE OR CLIMATE NORMALS FOR TOMORROW
                         NORMAL    RECORD    YEAR
 MAXIMUM TEMPERATURE (F)   69        90      1952
 MINIMUM TEMPERATURE (F)   44        31      2009


SUNRISE AND SUNSET
OCTOBER  5 2022.......SUNRISE   616 AM PST   SUNSET   545 PM PST
OCTOBER  6 2022.......SUNRISE   617 AM PST   SUNSET   543 PM PST


-  INDICATES NEGATIVE NUMBERS.
R  INDICATES RECORD WAS SET OR TIED.
MM INDICATES DATA IS MISSING.
T  INDICATES TRACE AMOUNT.




$$
