000
CDUS44 KMOB 260627
CLIMOB

CLIMATE REPORT
NATIONAL WEATHER SERVICE MOBILE AL
127 AM CDT MON SEP 26 2022

...................................

...THE MOBILE CLIMATE SUMMARY FOR SEPTEMBER 25 2022...

CLIMATE NORMAL PERIOD: 1991 TO 2020
CLIMATE RECORD PERIOD: 1842 TO 2022


WEATHER ITEM   OBSERVED TIME   RECORD YEAR NORMAL DEPARTURE LAST
                VALUE   (LST)  VALUE       VALUE  FROM      YEAR
                                                  NORMAL
...................................................................
TEMPERATURE (F)
 YESTERDAY
  MAXIMUM         94R  1:23 PM  94    1961  86      8       81
  MINIMUM         68   5:43 AM  50    1990  66      2       53
  AVERAGE         81                        76      5       67

PRECIPITATION (IN)
  YESTERDAY        0.00          6.19 2002   0.17  -0.17     0.00
  MONTH TO DATE    1.22                      4.43  -3.21     7.77
  SINCE SEP 1      1.22                      4.43  -3.21     7.77
  SINCE JAN 1     50.08                     52.21  -2.13    72.93

DEGREE DAYS
 HEATING
  YESTERDAY        0                         0      0        0
  MONTH TO DATE    0                         0      0        0
  SINCE SEP 1      0                         0      0        0
  SINCE JUL 1      0                         0      0        0

 COOLING
  YESTERDAY       16                        11      5        2
  MONTH TO DATE  383                       344     39      296
  SINCE SEP 1    383                       344     39      296
  SINCE JAN 1   2677                      2323    354     2130
...................................................................


WIND (MPH)
  HIGHEST WIND SPEED    13   HIGHEST WIND DIRECTION     N (340)
  HIGHEST GUST SPEED    19   HIGHEST GUST DIRECTION    NW (320)
  AVERAGE WIND SPEED     1.8


SKY COVER
  AVERAGE SKY COVER 0.3


WEATHER CONDITIONS
THE FOLLOWING WEATHER WAS RECORDED YESTERDAY.
  NO SIGNIFICANT WEATHER WAS OBSERVED.


RELATIVE HUMIDITY (PERCENT)
 HIGHEST    90           2:00 AM
 LOWEST     40           1:00 PM
 AVERAGE    65

..........................................................


THE MOBILE CLIMATE NORMALS FOR TODAY
                         NORMAL    RECORD    YEAR
 MAXIMUM TEMPERATURE (F)   86        95      2019
 MINIMUM TEMPERATURE (F)   66        50      1975
                                             1994
                                             2001


SUNRISE AND SUNSET
SEPTEMBER 26 2022.....SUNRISE   6:44 AM CDT   SUNSET   6:44 PM CDT
SEPTEMBER 27 2022.....SUNRISE   6:44 AM CDT   SUNSET   6:43 PM CDT


-  INDICATES NEGATIVE NUMBERS.
R  INDICATES RECORD WAS SET OR TIED.
MM INDICATES DATA IS MISSING.
T  INDICATES TRACE AMOUNT.




$$
