000
CDUS46 KSTO 020844
CLIMOD

CLIMATE REPORT
NATIONAL WEATHER SERVICE SACRAMENTO
144 AM PDT SUN OCT 02 2022

...................................

...THE MODESTO CA CLIMATE SUMMARY FOR OCTOBER 1 2022...

CLIMATE NORMAL PERIOD: 1991 TO 2020
CLIMATE RECORD PERIOD: 1931 TO 2022


WEATHER ITEM   OBSERVED TIME   RECORD YEAR NORMAL DEPARTURE LAST
                VALUE   (LST)  VALUE       VALUE  FROM      YEAR
                                                  NORMAL
...................................................................
TEMPERATURE (F)
 YESTERDAY
  MAXIMUM         86   3:25 PM  99    2001  85      1       89
  MINIMUM         56   6:14 AM  40    1950  56      0       50
  AVERAGE         71                        70      1       70

PRECIPITATION (IN)
  YESTERDAY        0.00          0.19 1976   0.01  -0.01     0.00
  MONTH TO DATE    0.00                      0.01  -0.01     0.00
  SINCE OCT 1      0.00                      0.01  -0.01     0.00
  SINCE JAN 1      0.93                      8.45  -7.52     5.61

DEGREE DAYS
 HEATING
  YESTERDAY        0                         0      0        0
  MONTH TO DATE    0                         0      0        0
  SINCE SEP 1      0                         4     -4        0
  SINCE JUL 1      0                         4     -4        0

 COOLING
  YESTERDAY        6                         6      0        5
  MONTH TO DATE    6                         6      0        5
  SINCE SEP 1    379                       275    104      283
  SINCE JAN 1   1806                      1552    254     1679
...................................................................


WIND (MPH)
  RESULTANT WIND SPEED   6   RESULTANT WIND DIRECTION   N (340)
  HIGHEST WIND SPEED    16   HIGHEST WIND DIRECTION    NW (330)
  HIGHEST GUST SPEED    20   HIGHEST GUST DIRECTION    NW (320)
  AVERAGE WIND SPEED     6.8


WEATHER CONDITIONS
THE FOLLOWING WEATHER WAS RECORDED YESTERDAY.
  NO SIGNIFICANT WEATHER WAS OBSERVED.


RELATIVE HUMIDITY (PERCENT)
 HIGHEST    81          11:00 PM
 LOWEST     27           4:00 PM
 AVERAGE    54

..........................................................


THE MODESTO CA CLIMATE NORMALS FOR TODAY
                         NORMAL    RECORD    YEAR
 MAXIMUM TEMPERATURE (F)   85        99      2012
 MINIMUM TEMPERATURE (F)   55        41      1973


SUNRISE AND SUNSET
OCTOBER  2 2022.......SUNRISE   7:00 AM PDT   SUNSET   6:45 PM PDT
OCTOBER  3 2022.......SUNRISE   7:01 AM PDT   SUNSET   6:44 PM PDT


-  INDICATES NEGATIVE NUMBERS.
R  INDICATES RECORD WAS SET OR TIED.
MM INDICATES DATA IS MISSING.
T  INDICATES TRACE AMOUNT.




$$
