000
CDUS43 KBIS 290723
CLIMOT

CLIMATE REPORT
NATIONAL WEATHER SERVICE BISMARCK, ND
223 AM CDT THU SEP 29 2022

...................................

...THE MINOT ND CLIMATE SUMMARY FOR SEPTEMBER 28 2022...

CLIMATE NORMAL PERIOD: 1991 TO 2020
CLIMATE RECORD PERIOD: 1897 TO 2022


WEATHER ITEM   OBSERVED TIME   RECORD YEAR NORMAL DEPARTURE LAST
                VALUE   (LST)  VALUE       VALUE  FROM      YEAR
                                                  NORMAL
...................................................................
TEMPERATURE (F)
 YESTERDAY
  MAXIMUM         80   4:25 PM  96    2021  67     13       96
  MINIMUM         41   1:10 AM  17    1930  42     -1       48
  AVERAGE         61                        55      6       72

PRECIPITATION (IN)
  YESTERDAY        0.00          0.81 1982   0.04  -0.04     0.00
  MONTH TO DATE    0.55                      1.48  -0.93     0.72
  SINCE SEP 1      0.55                      1.48  -0.93     0.72
  SINCE JAN 1      9.09                     14.60  -5.51     7.15

DEGREE DAYS
 HEATING
  YESTERDAY        4                        11     -7        0
  MONTH TO DATE  112                       171    -59       53
  SINCE SEP 1    112                       171    -59       53
  SINCE JUL 1    119                       215    -96       82

 COOLING
  YESTERDAY        0                         0      0        7
  MONTH TO DATE   69                        46     23       59
  SINCE SEP 1     69                        46     23       59
  SINCE JAN 1    611                       549     62      830
...................................................................


WIND (MPH)
  HIGHEST WIND SPEED    23   HIGHEST WIND DIRECTION     S (170)
  HIGHEST GUST SPEED    33   HIGHEST GUST DIRECTION    SE (140)
  AVERAGE WIND SPEED    11.6


SKY COVER
  AVERAGE SKY COVER 0.0


WEATHER CONDITIONS
THE FOLLOWING WEATHER WAS RECORDED YESTERDAY.
  NO SIGNIFICANT WEATHER WAS OBSERVED.


RELATIVE HUMIDITY (PERCENT)
 HIGHEST    64          12:00 AM
 LOWEST     27           2:00 PM
 AVERAGE    46

..........................................................


THE MINOT ND CLIMATE NORMALS FOR TODAY
                         NORMAL    RECORD    YEAR
 MAXIMUM TEMPERATURE (F)   67        88      2007
 MINIMUM TEMPERATURE (F)   42        19      1907


SUNRISE AND SUNSET
SEPTEMBER 29 2022.....SUNRISE   7:42 AM CDT   SUNSET   7:28 PM CDT
SEPTEMBER 30 2022.....SUNRISE   7:43 AM CDT   SUNSET   7:26 PM CDT


-  INDICATES NEGATIVE NUMBERS.
R  INDICATES RECORD WAS SET OR TIED.
MM INDICATES DATA IS MISSING.
T  INDICATES TRACE AMOUNT.




$$
