000
CDUS41 KPHI 010608
CLIMPO

CLIMATE REPORT
NATIONAL WEATHER SERVICE MOUNT HOLLY NJ
208 AM EDT SAT OCT 01 2022

...................................

...THE MOUNT POCONO PA CLIMATE SUMMARY FOR SEPTEMBER 30 2022...

CLIMATE NORMAL PERIOD: 1991 TO 2020
CLIMATE RECORD PERIOD: 1901 TO 2022


WEATHER ITEM   OBSERVED TIME   RECORD YEAR NORMAL DEPARTURE LAST
                VALUE   (LST)  VALUE       VALUE  FROM      YEAR
                                                  NORMAL
...................................................................
TEMPERATURE (F)
 YESTERDAY
  MAXIMUM         57   2:01 PM  82    1905  63     -6       58
  MINIMUM         41   1:46 AM  26    1951  45     -4       43
  AVERAGE         49                        54     -5       51

PRECIPITATION (IN)
  YESTERDAY        0.00          5.74 2010   0.19  -0.19      T
  MONTH TO DATE    6.77                      5.59   1.18    10.62
  SINCE SEP 1      6.77                      5.59   1.18    10.62
  SINCE JAN 1     42.84                     37.21   5.63    48.36

DEGREE DAYS
 HEATING
  YESTERDAY       16                        11      5       14
  MONTH TO DATE  179                       199    -20      145
  SINCE SEP 1    179                       199    -20      145
  SINCE JUL 1    196                       275    -79      194

 COOLING
  YESTERDAY        0                         0      0        0
  MONTH TO DATE   16                        22     -6       25
  SINCE SEP 1     16                        22     -6       25
  SINCE JAN 1    387                       287    100      420
...................................................................


WIND (MPH)
  HIGHEST WIND SPEED    12   HIGHEST WIND DIRECTION     N (20)
  HIGHEST GUST SPEED    18   HIGHEST GUST DIRECTION    NE (40)
  AVERAGE WIND SPEED     5.8


SKY COVER
  POSSIBLE SUNSHINE  MM
  AVERAGE SKY COVER 0.0


WEATHER CONDITIONS
THE FOLLOWING WEATHER WAS RECORDED YESTERDAY.
  NO SIGNIFICANT WEATHER WAS OBSERVED.


RELATIVE HUMIDITY (PERCENT)
 HIGHEST    96           1:00 AM
 LOWEST     45           1:00 PM
 AVERAGE    71

..........................................................


THE MOUNT POCONO PA CLIMATE NORMALS FOR TODAY
                         NORMAL    RECORD    YEAR
 MAXIMUM TEMPERATURE (F)   63        85      1905
                                             1927
 MINIMUM TEMPERATURE (F)   44        22      1916


SUNRISE AND SUNSET
OCTOBER  1 2022.......SUNRISE   6:58 AM EDT   SUNSET   6:43 PM EDT
OCTOBER  2 2022.......SUNRISE   6:59 AM EDT   SUNSET   6:42 PM EDT


-  INDICATES NEGATIVE NUMBERS.
R  INDICATES RECORD WAS SET OR TIED.
MM INDICATES DATA IS MISSING.
T  INDICATES TRACE AMOUNT.




$$
