000
CDUS41 KBTV 050549
CLIMPV

CLIMATE REPORT
NATIONAL WEATHER SERVICE BURLINGTON VT
149 AM EDT WED OCT 05 2022

...................................

...THE MONTPELIER VT CLIMATE SUMMARY FOR OCTOBER 4 2022...

CLIMATE NORMAL PERIOD: 1991 TO 2020
CLIMATE RECORD PERIOD: 1948 TO 2022


WEATHER ITEM   OBSERVED TIME   RECORD YEAR NORMAL DEPARTURE LAST
                VALUE   (LST)  VALUE       VALUE  FROM      YEAR
                                                  NORMAL
...................................................................
TEMPERATURE (F)
 YESTERDAY
  MAXIMUM         63   4:16 PM  80    2017  60      3       57
  MINIMUM         36   6:40 AM  23    1948  40     -4       51
  AVERAGE         50                        50      0       54

PRECIPITATION (IN)
  YESTERDAY        0.00          1.70 1987   0.13  -0.13     0.07
  MONTH TO DATE    0.00                      0.51  -0.51     0.50
  SINCE SEP 1      5.04                      3.84   1.20     3.11
  SINCE JAN 1     23.88                     29.56  -5.68    25.19

DEGREE DAYS
 HEATING
  YESTERDAY       15                        15      0       11
  MONTH TO DATE   64                        58      6       44
  SINCE SEP 1    249                       305    -56      178
  SINCE JUL 1    269                       417   -148      234

 COOLING
  YESTERDAY        0                         0      0        0
  MONTH TO DATE    0                         0      0        0
  SINCE SEP 1     26                        20      6       23
  SINCE JAN 1    429                       227    202      479
...................................................................


WIND (MPH)
  HIGHEST WIND SPEED     7   HIGHEST WIND DIRECTION    NW (320)
  HIGHEST GUST SPEED     9   HIGHEST GUST DIRECTION     W (290)
  AVERAGE WIND SPEED     0.6


SKY COVER
  AVERAGE SKY COVER 0.1


WEATHER CONDITIONS
THE FOLLOWING WEATHER WAS RECORDED YESTERDAY.
  FOG
  FOG W/VISIBILITY <= 1/4 MILE
  HAZE


RELATIVE HUMIDITY (PERCENT)
 HIGHEST    89           6:00 AM
 LOWEST     39           3:00 PM
 AVERAGE    64

..........................................................


THE MONTPELIER VT CLIMATE NORMALS FOR TODAY
                         NORMAL    RECORD    YEAR
 MAXIMUM TEMPERATURE (F)   60        82      1951
 MINIMUM TEMPERATURE (F)   39        23      1996


SUNRISE AND SUNSET
OCTOBER  5 2022.......SUNRISE   6:53 AM EDT   SUNSET   6:24 PM EDT
OCTOBER  6 2022.......SUNRISE   6:54 AM EDT   SUNSET   6:22 PM EDT


-  INDICATES NEGATIVE NUMBERS.
R  INDICATES RECORD WAS SET OR TIED.
MM INDICATES DATA IS MISSING.
T  INDICATES TRACE AMOUNT.




$$
