000
CDUS43 KMPX 260646
CLIMPX

CLIMATE REPORT
NATIONAL WEATHER SERVICE TWIN CITIES/CHANHASSEN MN
146 AM CDT MON SEP 26 2022

...................................

...THE CHANHASSEN MN CLIMATE SUMMARY FOR SEPTEMBER 25 2022...

CLIMATE NORMAL PERIOD 1991 TO 2020
CLIMATE RECORD PERIOD 1995 TO 2022


WEATHER ITEM   OBSERVED NORMAL DEPARTURE LAST
                VALUE   VALUE  FROM      YEAR
                               NORMAL
................................................
TEMPERATURE (F)
 YESTERDAY
  MAXIMUM         67     68     -1       69
  MINIMUM         51     47      4       43
  AVERAGE         59     57      2       56

PRECIPITATION (IN)
  YESTERDAY        T      0.11  -0.11     0.00
  MONTH TO DATE    0.53   2.78  -2.25     2.13
  SINCE SEP 1      0.53   2.78  -2.25     2.13
  SINCE JAN 1     19.38  26.70  -7.32    22.68

SNOWFALL (IN)
  YESTERDAY        0.0    0.0    0.0      0.0
  MONTH TO DATE    0.0    0.0    0.0      0.0
  SINCE SEP 1      0.0    0.0    0.0      0.0
  SINCE JUL 1      0.0    0.0    0.0      0.0
  SNOW DEPTH       0

DEGREE DAYS
 HEATING
  YESTERDAY        6      8     -2        9
  MONTH TO DATE   69    117    -48       87
  SINCE SEP 1     69    117    -48       87
  SINCE JUL 1     69    143    -74       99

 COOLING
  YESTERDAY        0      1     -1        0
  MONTH TO DATE   76     50     26       34
  SINCE SEP 1     76     50     26       34
  SINCE JAN 1    712    575    137      792
................................................


THE CHANHASSEN MN CLIMATE NORMALS FOR TODAY
                         NORMAL    RECORD    YEAR
 MAXIMUM TEMPERATURE (F)   67        MM        MM
 MINIMUM TEMPERATURE (F)   47        MM        MM


SUNRISE AND SUNSET
SEPTEMBER 26 2022.....SUNRISE   706 AM CDT   SUNSET   704 PM CDT
SEPTEMBER 27 2022.....SUNRISE   707 AM CDT   SUNSET   702 PM CDT


-  INDICATES NEGATIVE NUMBERS.
R  INDICATES RECORD WAS SET OR TIED.
MM INDICATES DATA IS MISSING.
T  INDICATES TRACE AMOUNT.




$$
