000
CDUS41 KLWX 020527
CLIMRB

CLIMATE REPORT
NATIONAL WEATHER SERVICE BALTIMORE MD/WASHINGTON DC
127 AM EDT SUN OCT 02 2022

...................................

...THE MARTINSBURG WV CLIMATE SUMMARY FOR OCTOBER 1 2022...

CLIMATE NORMAL PERIOD: 1991 TO 2020
CLIMATE RECORD PERIOD: 1891 TO 2022


WEATHER ITEM   OBSERVED TIME   RECORD YEAR NORMAL DEPARTURE LAST
                VALUE   (LST)  VALUE       VALUE  FROM      YEAR
                                                  NORMAL
...................................................................
TEMPERATURE (F)
 YESTERDAY
  MAXIMUM         57   6:11 PM  92    1927  72    -15       72
  MINIMUM         49   6:42 AM  27    1947  49      0       43
  AVERAGE         53                        61     -8       58

PRECIPITATION (IN)
  YESTERDAY        0.57          2.41 1915   0.11   0.46     0.00
  MONTH TO DATE    0.57                      0.11   0.46     0.00
  SINCE SEP 1      3.91                      4.14  -0.23     6.73
  SINCE JAN 1     31.12                     30.36   0.76    32.17

DEGREE DAYS
 HEATING
  YESTERDAY       12                         6      6        7
  MONTH TO DATE   12                         6      6        7
  SINCE SEP 1     73                        69      4       43
  SINCE JUL 1     73                        72      1       43

 COOLING
  YESTERDAY        0                         1     -1        0
  MONTH TO DATE    0                         1     -1        0
  SINCE SEP 1    120                       115      5      125
  SINCE JAN 1   1029                       999     30     1135
...................................................................


WIND (MPH)
  HIGHEST WIND SPEED    18   HIGHEST WIND DIRECTION     N (10)
  HIGHEST GUST SPEED    25   HIGHEST GUST DIRECTION     N (10)
  AVERAGE WIND SPEED    10.8


SKY COVER
  AVERAGE SKY COVER 1.0


WEATHER CONDITIONS
THE FOLLOWING WEATHER WAS RECORDED YESTERDAY.
  RAIN
  LIGHT RAIN
  FOG


RELATIVE HUMIDITY (PERCENT)
 HIGHEST   100           4:00 PM
 LOWEST     89           1:00 AM
 AVERAGE    95

..........................................................


THE MARTINSBURG WV CLIMATE NORMALS FOR TODAY
                         NORMAL    RECORD    YEAR
 MAXIMUM TEMPERATURE (F)   72        98      1927
 MINIMUM TEMPERATURE (F)   49        28      1947


SUNRISE AND SUNSET
OCTOBER  2 2022.......SUNRISE   7:09 AM EDT   SUNSET   6:53 PM EDT
OCTOBER  3 2022.......SUNRISE   7:10 AM EDT   SUNSET   6:51 PM EDT


-  INDICATES NEGATIVE NUMBERS.
R  INDICATES RECORD WAS SET OR TIED.
MM INDICATES DATA IS MISSING.
T  INDICATES TRACE AMOUNT.




$$
