000
CDUS44 KHUN 060704
CLIMSL

CLIMATE REPORT
NATIONAL WEATHER SERVICE HUNTSVILLE AL
204 AM CDT THU OCT 06 2022

...................................

...THE MUSCLE SHOALS CLIMATE SUMMARY FOR OCTOBER 5 2022...

CLIMATE NORMAL PERIOD 1991 TO 2020
CLIMATE RECORD PERIOD 1893 TO 2022


WEATHER ITEM   OBSERVED TIME   RECORD YEAR NORMAL DEPARTURE LAST
                VALUE   (LST)  VALUE       VALUE  FROM      YEAR
                                                  NORMAL
...................................................................
TEMPERATURE (F)
 YESTERDAY
  MAXIMUM         82    308 PM  98    2019  80      2       76
  MINIMUM         41    606 AM  36    1921  56    -15       67
                                      1987
                                      2014
  AVERAGE         62                        68     -6       72

PRECIPITATION (IN)
  YESTERDAY        0.00          2.44 2021   0.12  -0.12     2.44
  MONTH TO DATE    0.00                      0.59  -0.59     2.56
  SINCE SEP 1      3.82                      4.14  -0.32     6.33
  SINCE JAN 1     39.53                     41.73  -2.20    53.28

SNOWFALL (IN)
  YESTERDAY        0.0
  MONTH TO DATE    0.0
  SINCE SEP 1      0.0
  SINCE JUL 1      0.0
  SNOW DEPTH       0

DEGREE DAYS
 HEATING
  YESTERDAY        3                         2      1        0
  MONTH TO DATE    7                         7      0        0
  SINCE SEP 1     13                        15     -2        0
  SINCE JUL 1     13                        15     -2        0

 COOLING
  YESTERDAY        0                         5     -5        7
  MONTH TO DATE    5                        27    -22       45
  SINCE SEP 1    274                       325    -51      355
  SINCE JAN 1   2157                      2027    130     2047
...................................................................


WIND (MPH)
  HIGHEST WIND SPEED     9   HIGHEST WIND DIRECTION    NE (40)
  HIGHEST GUST SPEED    14   HIGHEST GUST DIRECTION     N (360)
  AVERAGE WIND SPEED     1.3


SKY COVER
  POSSIBLE SUNSHINE  MM
  AVERAGE SKY COVER 0.0


WEATHER CONDITIONS
THE FOLLOWING WEATHER WAS RECORDED YESTERDAY.
  FOG


RELATIVE HUMIDITY (PERCENT)
 HIGHEST    93           400 AM
 LOWEST     25          1200 PM
 AVERAGE    59

..........................................................


THE MUSCLE SHOALS CLIMATE NORMALS FOR TODAY
                         NORMAL    RECORD    YEAR
 MAXIMUM TEMPERATURE (F)   80        94      1938
 MINIMUM TEMPERATURE (F)   56        37      1974
                                             1985


SUNRISE AND SUNSET
OCTOBER  6 2022.......SUNRISE   649 AM CDT   SUNSET   628 PM CDT
OCTOBER  7 2022.......SUNRISE   650 AM CDT   SUNSET   626 PM CDT


-  INDICATES NEGATIVE NUMBERS.
R  INDICATES RECORD WAS SET OR TIED.
MM INDICATES DATA IS MISSING.
T  INDICATES TRACE AMOUNT.




$$
