000
CDUS43 KMKX 052121
CLIMSN

CLIMATE REPORT
NATIONAL WEATHER SERVICE MILWAUKEE/SULLIVAN WI
421 PM CDT WED OCT 05 2022

...................................

...THE MADISON WI CLIMATE SUMMARY FOR OCTOBER 5 2022...
VALID TODAY AS OF 0400 PM LOCAL TIME.

CLIMATE NORMAL PERIOD 1991 TO 2020
CLIMATE RECORD PERIOD 1871 TO 2022


WEATHER ITEM   OBSERVED TIME   RECORD YEAR NORMAL DEPARTURE LAST
                VALUE   (LST)  VALUE       VALUE  FROM      YEAR
                                                  NORMAL
...................................................................
TEMPERATURE (F)
 TODAY
  MAXIMUM         74    253 PM  86    1922  65      9       69
  MINIMUM         42    451 AM  23    1980  44     -2       60
  AVERAGE         58                        54      4       65

PRECIPITATION (IN)
  TODAY            0.00          1.41 1995   0.09  -0.09     0.00
  MONTH TO DATE    0.00                      0.49  -0.49     0.08
  SINCE SEP 1      4.03                      3.92   0.11     2.42
  SINCE JAN 1     30.81                     31.00  -0.19    19.01

SNOWFALL (IN)
  TODAY            0.0           0.0  2020   0.0    0.0      0.0
  MONTH TO DATE    0.0                       0.0    0.0      0.0
  SINCE SEP 1      0.0                       0.0    0.0      0.0
  SINCE JUL 1      0.0                       0.0    0.0      0.0
  SNOW DEPTH       0

DEGREE DAYS
 HEATING
  TODAY            7                        11     -4        0
  MONTH TO DATE   43                        52     -9        0
  SINCE SEP 1    173                       203    -30       48
  SINCE JUL 1    178                       232    -54       50

 COOLING
  TODAY            0                         0      0        0
  MONTH TO DATE    0                         1     -1       16
  SINCE SEP 1     81                        60     21       58
  SINCE JAN 1    784                       623    161      837
...................................................................


WIND (MPH)
  HIGHEST WIND SPEED     9   HIGHEST WIND DIRECTION     W (290)
  HIGHEST GUST SPEED    14   HIGHEST GUST DIRECTION     W (290)
  AVERAGE WIND SPEED     2.7


SKY COVER
  POSSIBLE SUNSHINE  MM
  AVERAGE SKY COVER 0.5


WEATHER CONDITIONS
THE FOLLOWING WEATHER WAS RECORDED TODAY.
  FOG


RELATIVE HUMIDITY (PERCENT)
 HIGHEST    96           200 AM
 LOWEST     33          1200 PM
 AVERAGE    65

..........................................................


THE MADISON WI CLIMATE NORMALS FOR TOMORROW
                         NORMAL    RECORD    YEAR
 MAXIMUM TEMPERATURE (F)   64        90      1963
 MINIMUM TEMPERATURE (F)   43        22      1952


SUNRISE AND SUNSET
OCTOBER  5 2022.......SUNRISE   659 AM CDT   SUNSET   631 PM CDT
OCTOBER  6 2022.......SUNRISE   700 AM CDT   SUNSET   630 PM CDT


-  INDICATES NEGATIVE NUMBERS.
R  INDICATES RECORD WAS SET OR TIED.
MM INDICATES DATA IS MISSING.
T  INDICATES TRACE AMOUNT.




$$
