000
CDUS43 KMPX 060047
CLIMSP

CLIMATE REPORT
NATIONAL WEATHER SERVICE TWIN CITIES/CHANHASSEN MN
747 PM CDT WED OCT 05 2022

...................................

...THE TWIN CITIES MN CLIMATE SUMMARY FOR OCTOBER 5 2022...
VALID TODAY AS OF 0700 PM LOCAL TIME.

CLIMATE NORMAL PERIOD 1991 TO 2020
CLIMATE RECORD PERIOD 1871 TO 2022


WEATHER ITEM   OBSERVED TIME   RECORD YEAR NORMAL DEPARTURE LAST
                VALUE   (LST)  VALUE       VALUE  FROM      YEAR
                                                  NORMAL
...................................................................
TEMPERATURE (F)
 TODAY
  MAXIMUM         73    116 PM  88    2011  64      9       75
  MINIMUM         58    552 AM  25    1952  46     12       54
  AVERAGE         66                        55     11       65

PRECIPITATION (IN)
  TODAY            T             2.31 1911   0.10  -0.10     0.00
  MONTH TO DATE    T                         0.53  -0.53     0.27
  SINCE SEP 1      0.24                      3.55  -3.31     1.75
  SINCE JAN 1     18.51                     26.79  -8.28    21.55

SNOWFALL (IN)
  TODAY            0.0           T    1952   0.0    0.0      0.0
                                      1991
  MONTH TO DATE    0.0                       0.0    0.0      0.0
  SINCE SEP 1      0.0                       0.0    0.0      0.0
  SINCE JUL 1      0.0                       0.0    0.0      0.0
  SNOW DEPTH       0

DEGREE DAYS
 HEATING
  TODAY            0                        11    -11        0
  MONTH TO DATE    1                        50    -49        4
  SINCE SEP 1     84                       178    -94       43
  SINCE JUL 1     84                       192   -108       48

 COOLING
  TODAY            1                         1      0        0
  MONTH TO DATE    6                         5      1       11
  SINCE SEP 1    126                        89     37       98
  SINCE JAN 1   1043                       827    216     1173
...................................................................


WIND (MPH)
  HIGHEST WIND SPEED    16   HIGHEST WIND DIRECTION    NW (320)
  HIGHEST GUST SPEED    20   HIGHEST GUST DIRECTION    NW (330)
  AVERAGE WIND SPEED     4.7


SKY COVER
  POSSIBLE SUNSHINE  MM
  AVERAGE SKY COVER 0.7


WEATHER CONDITIONS
THE FOLLOWING WEATHER WAS RECORDED TODAY.
  LIGHT RAIN


RELATIVE HUMIDITY (PERCENT)
 HIGHEST    72           800 AM
 LOWEST     50           100 PM
 AVERAGE    61

..........................................................


THE TWIN CITIES MN CLIMATE NORMALS FOR TOMORROW
                         NORMAL    RECORD    YEAR
 MAXIMUM TEMPERATURE (F)   64        87      2007
 MINIMUM TEMPERATURE (F)   45        25      1873


SUNRISE AND SUNSET
OCTOBER  5 2022.......SUNRISE   716 AM CDT   SUNSET   646 PM CDT
OCTOBER  6 2022.......SUNRISE   717 AM CDT   SUNSET   644 PM CDT


-  INDICATES NEGATIVE NUMBERS.
R  INDICATES RECORD WAS SET OR TIED.
MM INDICATES DATA IS MISSING.
T  INDICATES TRACE AMOUNT.




$$
