000
CDUS41 KBTV 290533
CLIMSS

CLIMATE REPORT
NATIONAL WEATHER SERVICE BURLINGTON VT
133 AM EDT THU SEP 29 2022

...................................

...THE MASSENA NY CLIMATE SUMMARY FOR SEPTEMBER 28 2022...

CLIMATE NORMAL PERIOD: 1991 TO 2020
CLIMATE RECORD PERIOD: 1948 TO 2022


WEATHER ITEM   OBSERVED TIME   RECORD YEAR NORMAL DEPARTURE LAST
                VALUE   (LST)  VALUE       VALUE  FROM      YEAR
                                                  NORMAL
...................................................................
TEMPERATURE (F)
 YESTERDAY
  MAXIMUM         60  11:25 AM  85    1959  66     -6       59
  MINIMUM         51  11:59 PM  24    1956  43      8       42
  AVERAGE         56                        54      2       51

PRECIPITATION (IN)
  YESTERDAY        T             1.22 1949   0.12  -0.12     0.00
  MONTH TO DATE    2.76                      3.27  -0.51     3.06
  SINCE SEP 1      2.76                      3.27  -0.51     3.06
  SINCE JAN 1     24.28                     25.58  -1.30    21.84

DEGREE DAYS
 HEATING
  YESTERDAY        9                        11     -2       14
  MONTH TO DATE  153                       177    -24      105
  SINCE SEP 1    153                       177    -24      105
  SINCE JUL 1    177                       232    -55      159

 COOLING
  YESTERDAY        0                         0      0        0
  MONTH TO DATE   12                        32    -20       14
  SINCE SEP 1     12                        32    -20       14
  SINCE JAN 1    375                       402    -27      486
...................................................................


WIND (MPH)
  HIGHEST WIND SPEED    16   HIGHEST WIND DIRECTION    NW (330)
  HIGHEST GUST SPEED    23   HIGHEST GUST DIRECTION    NW (330)
  AVERAGE WIND SPEED     8.2


SKY COVER
  AVERAGE SKY COVER 1.0


WEATHER CONDITIONS
THE FOLLOWING WEATHER WAS RECORDED YESTERDAY.
  LIGHT RAIN


RELATIVE HUMIDITY (PERCENT)
 HIGHEST    96           1:00 AM
 LOWEST     64           4:00 PM
 AVERAGE    80

..........................................................


THE MASSENA NY CLIMATE NORMALS FOR TODAY
                         NORMAL    RECORD    YEAR
 MAXIMUM TEMPERATURE (F)   65        84      1959
 MINIMUM TEMPERATURE (F)   43        26      1995


SUNRISE AND SUNSET
SEPTEMBER 29 2022.....SUNRISE   6:55 AM EDT   SUNSET   6:44 PM EDT
SEPTEMBER 30 2022.....SUNRISE   6:56 AM EDT   SUNSET   6:42 PM EDT


-  INDICATES NEGATIVE NUMBERS.
R  INDICATES RECORD WAS SET OR TIED.
MM INDICATES DATA IS MISSING.
T  INDICATES TRACE AMOUNT.




$$
