000
CDUS42 KKEY 260534
CLIMTH

CLIMATE REPORT
NATIONAL WEATHER SERVICE KEY WEST FL
134 AM EDT MON SEP 26 2022

...................................

...THE MARATHON CLIMATE SUMMARY FOR SEPTEMBER 25 2022...

CLIMATE NORMAL PERIOD 1991 TO 2020
CLIMATE RECORD PERIOD 1950 TO 2022


WEATHER ITEM   OBSERVED TIME   RECORD YEAR NORMAL DEPARTURE LAST
                VALUE   (LST)  VALUE       VALUE  FROM      YEAR
                                                  NORMAL
...................................................................
TEMPERATURE (F)
 YESTERDAY
  MAXIMUM         94   1241 PM  96    1988  89      5       88
  MINIMUM         80    442 AM  67    1953  78      2       78
  AVERAGE         87                        84      3       83

PRECIPITATION (IN)
  YESTERDAY        0.00          1.77 1968   0.22  -0.22      T
  MONTH TO DATE    4.38                      5.32  -0.94     4.67
  SINCE SEP 1      4.38                      5.32  -0.94     4.67
  SINCE JAN 1     25.23                     28.78  -3.55    22.71

DEGREE DAYS
 HEATING
  YESTERDAY        0                         0      0        0
  MONTH TO DATE    0                         0      0        0
  SINCE SEP 1      0                         0      0        0
  SINCE JUL 1      0                         0      0        0

 COOLING
  YESTERDAY       22                        19      3       18
  MONTH TO DATE  552                       485     67      458
  SINCE SEP 1    552                       485     67      458
  SINCE JAN 1   4426                      3955    471     3967
...................................................................


WIND (MPH)
  HIGHEST WIND SPEED    13   HIGHEST WIND DIRECTION    SE (130)
  HIGHEST GUST SPEED    23   HIGHEST GUST DIRECTION    SE (130)
  AVERAGE WIND SPEED     5.9


SKY COVER
  POSSIBLE SUNSHINE  MM
  AVERAGE SKY COVER 0.2


WEATHER CONDITIONS
THE FOLLOWING WEATHER WAS RECORDED YESTERDAY.
  NO SIGNIFICANT WEATHER WAS OBSERVED.


RELATIVE HUMIDITY (PERCENT)
 HIGHEST    79
 LOWEST     61
 AVERAGE    70

..........................................................


THE MARATHON CLIMATE NORMALS FOR TODAY
                         NORMAL    RECORD    YEAR
 MAXIMUM TEMPERATURE (F)   89        93      1951
                                             2002
                                             2006
 MINIMUM TEMPERATURE (F)   78        69      1957


SUNRISE AND SUNSET
SEPTEMBER 26 2022.....SUNRISE   714 AM EDT   SUNSET   716 PM EDT
SEPTEMBER 27 2022.....SUNRISE   715 AM EDT   SUNSET   715 PM EDT


-  INDICATES NEGATIVE NUMBERS.
R  INDICATES RECORD WAS SET OR TIED.
MM INDICATES DATA IS MISSING.
T  INDICATES TRACE AMOUNT.




$$
