000
CDUS43 KILX 260629
CLIMTO

CLIMATE REPORT
NATIONAL WEATHER SERVICE LINCOLN IL
129 AM CDT MON SEP 26 2022

...................................

...THE MATTOON IL AIRPORT CLIMATE SUMMARY FOR SEPTEMBER 25 2022...

CLIMATE NORMAL PERIOD 1991 TO 2020
CLIMATE RECORD PERIOD 9999 TO 9999


WEATHER ITEM   OBSERVED TIME   RECORD YEAR NORMAL DEPARTURE LAST
                VALUE   (LST)  VALUE       VALUE  FROM      YEAR
                                                  NORMAL
...................................................................
TEMPERATURE (F)
 YESTERDAY
  MAXIMUM         77    300 PM  MM      MM  76      1       74
  MINIMUM         56   1131 PM  MM      MM  53      3       49
  AVERAGE         67                        64      3       62

PRECIPITATION (IN)
  YESTERDAY        0.00         MM      MM   0.08  -0.08     0.23
  MONTH TO DATE    1.03                      2.41  -1.38     3.57
  SINCE SEP 1      1.03                      2.41  -1.38     3.57
  SINCE JAN 1     28.60                     27.58   1.02    37.41

DEGREE DAYS
 HEATING
  YESTERDAY        0                         4     -4        3
  MONTH TO DATE   22                        39    -17       18
  SINCE SEP 1     22                        39    -17       18
  SINCE JUL 1     22                        43    -21       20

 COOLING
  YESTERDAY        2                         3     -1        0
  MONTH TO DATE  147                       121     26      151
  SINCE SEP 1    147                       121     26      151
  SINCE JAN 1   1238                      1079    159     1230
...................................................................


WIND (MPH)
  HIGHEST WIND SPEED    26   HIGHEST WIND DIRECTION    NW (300)
  HIGHEST GUST SPEED    42   HIGHEST GUST DIRECTION     W (270)
  AVERAGE WIND SPEED    12.9


SKY COVER
  POSSIBLE SUNSHINE  MM
  AVERAGE SKY COVER 0.2


WEATHER CONDITIONS
THE FOLLOWING WEATHER WAS RECORDED YESTERDAY.
  HAZE


RELATIVE HUMIDITY (PERCENT)
 HIGHEST    80           500 AM
 LOWEST     37           300 PM
 AVERAGE    59

..........................................................


THE MATTOON IL AIRPORT CLIMATE NORMALS FOR TODAY
                         NORMAL    RECORD    YEAR
 MAXIMUM TEMPERATURE (F)   75        MM        MM
 MINIMUM TEMPERATURE (F)   53        MM        MM


SUNRISE AND SUNSET
SEPTEMBER 26 2022.....SUNRISE   645 AM CDT   SUNSET   644 PM CDT
SEPTEMBER 27 2022.....SUNRISE   645 AM CDT   SUNSET   642 PM CDT


-  INDICATES NEGATIVE NUMBERS.
R  INDICATES RECORD WAS SET OR TIED.
MM INDICATES DATA IS MISSING.
T  INDICATES TRACE AMOUNT.




$$
