000
CDUS41 KBTV 060534
CLIMVL

CLIMATE REPORT
NATIONAL WEATHER SERVICE BURLINGTON VT
134 AM EDT THU OCT 06 2022

...................................

...THE MORRISVILLE VT CLIMATE SUMMARY FOR OCTOBER 5 2022...

CLIMATE NORMAL PERIOD: 1991 TO 2020
CLIMATE RECORD PERIOD: 9999 TO 9999


WEATHER ITEM   OBSERVED TIME   NORMAL DEPARTURE LAST
                VALUE   (LST)  VALUE  FROM      YEAR
                                      NORMAL
.......................................................
TEMPERATURE (F)
 YESTERDAY
  MAXIMUM         72   3:21 PM  61     11       63
  MINIMUM         39  11:50 PM  39      0       50
  AVERAGE         56            50      6       57

PRECIPITATION (IN)
  YESTERDAY        0.00          0.12  -0.12     0.01
  MONTH TO DATE    0.00          0.57  -0.57     0.60
  SINCE SEP 1      5.25          3.72   1.53     3.76
  SINCE JAN 1     27.41         27.20   0.21    24.13

DEGREE DAYS
 HEATING
  YESTERDAY        9            15     -6        8
  MONTH TO DATE   79            72      7       55
  SINCE SEP 1    292           313    -21      221
  SINCE JUL 1    335           419    -84      290

 COOLING
  YESTERDAY        0             0      0        0
  MONTH TO DATE    0             0      0        0
  SINCE SEP 1     18            22     -4       13
  SINCE JAN 1    336           245     91      425
.......................................................


WIND (MPH)
  HIGHEST WIND SPEED     7   HIGHEST WIND DIRECTION     N (20)
  HIGHEST GUST SPEED     8   HIGHEST GUST DIRECTION     N (360)
  AVERAGE WIND SPEED     1.4


SKY COVER
  AVERAGE SKY COVER 0.0


WEATHER CONDITIONS
THE FOLLOWING WEATHER WAS RECORDED YESTERDAY.
  NO SIGNIFICANT WEATHER WAS OBSERVED.


RELATIVE HUMIDITY (PERCENT)
 HIGHEST    93           2:00 AM
 LOWEST     17           2:00 PM
 AVERAGE    55

..........................................................


THE MORRISVILLE VT CLIMATE NORMALS FOR TODAY
                         NORMAL    RECORD    YEAR
 MAXIMUM TEMPERATURE (F)   61        80      2005
 MINIMUM TEMPERATURE (F)   38        24      1998


SUNRISE AND SUNSET
OCTOBER  6 2022.......SUNRISE   6:54 AM EDT   SUNSET   6:22 PM EDT
OCTOBER  7 2022.......SUNRISE   6:56 AM EDT   SUNSET   6:20 PM EDT


-  INDICATES NEGATIVE NUMBERS.
R  INDICATES RECORD WAS SET OR TIED.
MM INDICATES DATA IS MISSING.
T  INDICATES TRACE AMOUNT.




$$
