000
CDUS46 KOTX 260856
CLIMWH

CLIMATE REPORT
NATIONAL WEATHER SERVICE SPOKANE WA
156 AM PDT MON SEP 26 2022

...................................

...THE MOSES LAKE WA AIRPORT CLIMATE SUMMARY FOR SEPTEMBER 25 2022...

CLIMATE NORMAL PERIOD 1991 TO 2020
CLIMATE RECORD PERIOD 9999 TO 9999


WEATHER ITEM   OBSERVED TIME   RECORD YEAR NORMAL DEPARTURE LAST
                VALUE   (LST)  VALUE       VALUE  FROM      YEAR
                                                  NORMAL
...................................................................
TEMPERATURE (F)
 YESTERDAY
  MAXIMUM         84    326 PM  MM      MM  75      9       84
  MINIMUM         48    557 AM  MM      MM  44      4       48
  AVERAGE         66                        59      7       66

PRECIPITATION (IN)
  YESTERDAY        0.00         MM      MM   0.01  -0.01     0.00
  MONTH TO DATE    0.11                      0.20  -0.09     0.56
  SINCE OCT 1      7.25                      7.75  -0.50     4.16
  SINCE JAN 1      5.10                      5.11  -0.01     2.37

SNOWFALL (IN)
  YESTERDAY       MM

DEGREE DAYS
 HEATING
  YESTERDAY        0                         6     -6        0
  MONTH TO DATE   28                        81    -53       66
  SINCE SEP 1     28                        81    -53       66
  SINCE JUL 1     28                        96    -68       70

 COOLING
  YESTERDAY        1                         0      1        1
  MONTH TO DATE   69                        51     18       34
  SINCE SEP 1     69                        51     18       34
  SINCE JAN 1    911                       674    237     1049
...................................................................


WIND (MPH)
  HIGHEST WIND SPEED    10   HIGHEST WIND DIRECTION     W (280)
  HIGHEST GUST SPEED    18   HIGHEST GUST DIRECTION     N (340)
  AVERAGE WIND SPEED     5.8


SKY COVER
  POSSIBLE SUNSHINE  MM
  AVERAGE SKY COVER 0.0


WEATHER CONDITIONS
THE FOLLOWING WEATHER WAS RECORDED YESTERDAY.
  HAZE


RELATIVE HUMIDITY (PERCENT)
 HIGHEST    66           600 AM
 LOWEST     21           400 PM
 AVERAGE    44

..........................................................


THE MOSES LAKE WA AIRPORT CLIMATE NORMALS FOR TODAY
                         NORMAL    RECORD    YEAR
 MAXIMUM TEMPERATURE (F)   74        MM        MM
 MINIMUM TEMPERATURE (F)   44        MM        MM


SUNRISE AND SUNSET
SEPTEMBER 26 2022.....SUNRISE   650 AM PDT   SUNSET   647 PM PDT
SEPTEMBER 27 2022.....SUNRISE   651 AM PDT   SUNSET   645 PM PDT


-  INDICATES NEGATIVE NUMBERS.
R  INDICATES RECORD WAS SET OR TIED.
MM INDICATES DATA IS MISSING.
T  INDICATES TRACE AMOUNT.




$$
