000
CDUS46 KSGX 060030
CLIMYF

CLIMATE REPORT
NATIONAL WEATHER SERVICE SAN DIEGO, CA
530 PM PDT WED OCT 05 2022

...................................

...THE SAN DIEGO/MONTGOMERY FLD CA CLIMATE SUMMARY FOR OCTOBER 5 2022...
VALID TODAY AS OF 0400 PM LOCAL TIME.

CLIMATE NORMAL PERIOD: 1991 TO 2020
CLIMATE RECORD PERIOD: 1998 TO 2022


WEATHER ITEM   OBSERVED TIME   RECORD YEAR NORMAL DEPARTURE LAST
                VALUE   (LST)  VALUE       VALUE  FROM      YEAR
                                                  NORMAL
...................................................................
TEMPERATURE (F)
 TODAY
  MAXIMUM         75  11:38 AM  96    2020  79     -4       77
  MINIMUM         64   6:50 AM  50    2009  60      4       65
  AVERAGE         70                        70      0       71

PRECIPITATION (IN)
  TODAY            0.00          0.61 2011   0.01  -0.01     0.14
  MONTH TO DATE    0.00                      0.04  -0.04     0.61
  SINCE JUL 1      0.42                      0.29   0.13     0.71
  SINCE OCT 1      0.00                      0.04  -0.04     0.61
  SINCE JAN 1      3.17                      8.00  -4.83     5.14

DEGREE DAYS
 HEATING
  TODAY            0                         0      0        0
  MONTH TO DATE    0                         0      0        0
  SINCE SEP 1      0                         2     -2        0
  SINCE JUL 1      0                         3     -3        0

 COOLING
  TODAY            5                         5      0        6
  MONTH TO DATE   25                        26     -1       53
  SINCE SEP 1    356                       253    103      300
  SINCE JAN 1   1228                       899    329     1028
...................................................................


WIND (MPH)
  RESULTANT WIND SPEED   2   RESULTANT WIND DIRECTION  SW (240)
  HIGHEST WIND SPEED    10   HIGHEST WIND DIRECTION    SW (240)
  HIGHEST GUST SPEED    16   HIGHEST GUST DIRECTION     W (260)
  AVERAGE WIND SPEED     3.3


SKY COVER
  POSSIBLE SUNSHINE  MM
  AVERAGE SKY COVER 0.8


WEATHER CONDITIONS
THE FOLLOWING WEATHER WAS RECORDED TODAY.
  FOG
  HAZE


RELATIVE HUMIDITY (PERCENT)
 HIGHEST    90           1:00 AM
 LOWEST     69          11:00 AM
 AVERAGE    80

..........................................................


THE SAN DIEGO/MONTGOMERY FLD CA CLIMATE NORMALS FOR TOMORROW
                         NORMAL    RECORD    YEAR
 MAXIMUM TEMPERATURE (F)   79        94      2005
 MINIMUM TEMPERATURE (F)   60        51      2007
                                             2009


SUNRISE AND SUNSET
OCTOBER  5 2022.......SUNRISE   6:46 AM PDT   SUNSET   6:28 PM PDT
OCTOBER  6 2022.......SUNRISE   6:46 AM PDT   SUNSET   6:27 PM PDT


-  INDICATES NEGATIVE NUMBERS.
R  INDICATES RECORD WAS SET OR TIED.
MM INDICATES DATA IS MISSING.
T  INDICATES TRACE AMOUNT.




$$
