000
CDUS41 KLWX 292124
CLINAK

CLIMATE REPORT
NATIONAL WEATHER SERVICE BALTIMORE MD/WASHINGTON DC
524 PM EDT THU SEP 29 2022

...................................

...THE ANNAPOLIS MD CLIMATE SUMMARY FOR SEPTEMBER 29 2022...
VALID TODAY AS OF 0500 PM LOCAL TIME.

CLIMATE NORMAL PERIOD: 1981 TO 2010
CLIMATE RECORD PERIOD: 2003 TO 2022


WEATHER ITEM   OBSERVED TIME   NORMAL DEPARTURE LAST
                VALUE   (LST)  VALUE  FROM      YEAR
                                      NORMAL
.......................................................
TEMPERATURE (F)
 TODAY
  MAXIMUM         67   3:04 PM  72     -5       71
  MINIMUM         58   6:50 AM  57      1       57
  AVERAGE         63            65     -2       64

PRECIPITATION (IN)
  TODAY            0.00          0.17  -0.17     0.00
  MONTH TO DATE    1.94          4.59  -2.65     4.25
  SINCE SEP 1      1.94          4.59  -2.65     4.25
  SINCE JAN 1     34.61          4.59  30.02    32.62

DEGREE DAYS
 HEATING
  TODAY            2             2      0        1
  MONTH TO DATE   14            13      1        1
  SINCE SEP 1     14            13      1        1
  SINCE JUL 1     14            13      1        1

 COOLING
  TODAY            0             2     -2        0
  MONTH TO DATE  217           159     58      225
  SINCE SEP 1    217           159     58      225
  SINCE JAN 1   1477          1298    179     1509
.......................................................


WIND (MPH)
  HIGHEST WIND SPEED    20   HIGHEST WIND DIRECTION     N (350)
  HIGHEST GUST SPEED    29   HIGHEST GUST DIRECTION     N (360)
  AVERAGE WIND SPEED    13.0


SKY COVER
  AVERAGE SKY COVER 0.0


WEATHER CONDITIONS
THE FOLLOWING WEATHER WAS RECORDED TODAY.
  NO SIGNIFICANT WEATHER WAS OBSERVED.


RELATIVE HUMIDITY (PERCENT)
 HIGHEST    75           3:00 AM
 LOWEST     49           2:00 PM
 AVERAGE    62

..........................................................





SUNRISE AND SUNSET
SEPTEMBER 29 2022.....SUNRISE   7:00 AM EDT   SUNSET   6:52 PM EDT
SEPTEMBER 30 2022.....SUNRISE   7:01 AM EDT   SUNSET   6:50 PM EDT


-  INDICATES NEGATIVE NUMBERS.
R  INDICATES RECORD WAS SET OR TIED.
MM INDICATES DATA IS MISSING.
T  INDICATES TRACE AMOUNT.




$$
