000
CDUS44 KLIX 290750
CLINEW

CLIMATE REPORT
NATIONAL WEATHER SERVICE NEW ORLEANS
250 AM CDT THU SEP 29 2022

...................................

...THE NEW ORLEANS CLIMATE SUMMARY FOR SEPTEMBER 28 2022...

CLIMATE NORMAL PERIOD: 1991 TO 2020
CLIMATE RECORD PERIOD: 1946 TO 2022


WEATHER ITEM   OBSERVED TIME   RECORD YEAR NORMAL DEPARTURE LAST
                VALUE   (LST)  VALUE       VALUE  FROM      YEAR
                                                  NORMAL
...................................................................
TEMPERATURE (F)
 YESTERDAY
  MAXIMUM         83   4:21 PM  96    1953  86     M3       83
  MINIMUM         70  11:28 PM  51    1975  71     M1       73
  AVERAGE         77                        78     M1       78

PRECIPITATION (IN)
  YESTERDAY        0.00          1.32 1946   0.13  M0.13     0.20
  MONTH TO DATE    2.46                      4.86  M2.40     7.93
  SINCE SEP 1      2.46                      4.86  M2.40     7.93
  SINCE JAN 1     41.61                     50.71  M9.10    78.60

SNOWFALL (IN)
  YESTERDAY        0.0
  MONTH TO DATE    0.0
  SINCE SEP 1      0.0
  SINCE JUL 1      0.0
  SNOW DEPTH      MM

DEGREE DAYS
 HEATING
  YESTERDAY        0                         0      0        0
  MONTH TO DATE    0                         0      0        0
  SINCE SEP 1      0                         0      0        0
  SINCE JUL 1      0                         0      0        0

 COOLING
  YESTERDAY       12                        13     M1       13
  MONTH TO DATE  463                       449     14      417
  SINCE SEP 1    463                       449     14      417
  SINCE JAN 1   3035                      2832    203     2969
...................................................................


WIND (MPH)
  HIGHEST WIND SPEED    23   HIGHEST WIND DIRECTION     N (20)
  HIGHEST GUST SPEED    31   HIGHEST GUST DIRECTION     N (20)
  AVERAGE WIND SPEED    15.4


SKY COVER
  POSSIBLE SUNSHINE  MM
  AVERAGE SKY COVER 0.0


WEATHER CONDITIONS
THE FOLLOWING WEATHER WAS RECORDED YESTERDAY.
  NO SIGNIFICANT WEATHER WAS OBSERVED.


RELATIVE HUMIDITY (PERCENT)
 HIGHEST    47           4:00 AM
 LOWEST     26           4:00 PM
 AVERAGE    37

..........................................................


THE NEW ORLEANS CLIMATE NORMALS FOR TODAY
                         NORMAL    RECORD    YEAR
 MAXIMUM TEMPERATURE (F)   86        94      1980
 MINIMUM TEMPERATURE (F)   71        45      1967


SUNRISE AND SUNSET
SEPTEMBER 29 2022.....SUNRISE   6:53 AM CDT   SUNSET   6:49 PM CDT
SEPTEMBER 30 2022.....SUNRISE   6:54 AM CDT   SUNSET   6:48 PM CDT


M  INDICATES NEGATIVE NUMBERS.
R  INDICATES RECORD WAS SET OR TIED.
MM INDICATES DATA IS MISSING.
T  INDICATES TRACE AMOUNT.




$$
