000
CDUS41 KOKX 052055
CLINYC

CLIMATE REPORT
NATIONAL WEATHER SERVICE NEW YORK, NY
455 PM EDT WED OCT 05 2022

...................................

...THE CENTRAL PARK NY CLIMATE SUMMARY FOR OCTOBER 5 2022...
VALID TODAY AS OF 0400 PM LOCAL TIME.

CLIMATE NORMAL PERIOD 1991 TO 2020
CLIMATE RECORD PERIOD 1869 TO 2022


WEATHER ITEM   OBSERVED TIME   RECORD YEAR NORMAL DEPARTURE LAST
                VALUE   (LST)  VALUE       VALUE  FROM      YEAR
                                                  NORMAL
...................................................................
TEMPERATURE (F)
 TODAY
  MAXIMUM         59    228 PM  94    1941  69    -10       65
  MINIMUM         54    814 AM  35    1881  55     -1       60
  AVERAGE         57                        62     -5       63

PRECIPITATION (IN)
  TODAY            0.28          1.99 1995   0.15   0.13      T
  MONTH TO DATE    3.19                      0.72   2.47     0.15
  SINCE SEP 1      7.29                      5.03   2.26    10.18
  SINCE JAN 1     35.43                     37.90  -2.47    52.11

SNOWFALL (IN)
  TODAY            0.0           0.0  2001   0.0    0.0      0.0
                                      2002
  MONTH TO DATE    0.0                       0.0    0.0      0.0
  SINCE SEP 1      0.0                       0.0    0.0      0.0
  SINCE JUL 1      0.0                       0.0    0.0      0.0
  SNOW DEPTH       0

DEGREE DAYS
 HEATING
  TODAY            8                         4      4        2
  MONTH TO DATE   56                        20     36        8
  SINCE SEP 1     87                        52     35       17
  SINCE JUL 1     87                        53     34       19

 COOLING
  TODAY            0                         2     -2        0
  MONTH TO DATE    0                        10    -10        8
  SINCE SEP 1    174                       169      5      182
  SINCE JAN 1   1366                      1209    157     1304
...................................................................


WIND (MPH)
  HIGHEST WIND SPEED    12   HIGHEST WIND DIRECTION     N (20)
  HIGHEST GUST SPEED    19   HIGHEST GUST DIRECTION    NE (40)
  AVERAGE WIND SPEED     6.3


SKY COVER
  AVERAGE SKY COVER 1.0


WEATHER CONDITIONS
THE FOLLOWING WEATHER WAS RECORDED TODAY.
  HEAVY RAIN
  LIGHT RAIN
  FOG


RELATIVE HUMIDITY (PERCENT)
 HIGHEST    97          1000 AM
 LOWEST     83           100 PM
 AVERAGE    90

..........................................................


THE CENTRAL PARK NY CLIMATE NORMALS FOR TOMORROW
                         NORMAL    RECORD    YEAR
 MAXIMUM TEMPERATURE (F)   68        90      1941
 MINIMUM TEMPERATURE (F)   55        36      1881


SUNRISE AND SUNSET
OCTOBER  5 2022.......SUNRISE   656 AM EDT   SUNSET   631 PM EDT
OCTOBER  6 2022.......SUNRISE   658 AM EDT   SUNSET   630 PM EDT


-  INDICATES NEGATIVE NUMBERS.
R  INDICATES RECORD WAS SET OR TIED.
MM INDICATES DATA IS MISSING.
T  INDICATES TRACE AMOUNT.




$$
