000
CDUS45 KPSR 050809
CLINYL

CLIMATE REPORT
NATIONAL WEATHER SERVICE PHOENIX AZ
109 AM MST WED OCT 05 2022

...................................

...THE YUMA AZ CLIMATE SUMMARY FOR OCTOBER 4 2022...

CLIMATE NORMAL PERIOD 1991 TO 2020
CLIMATE RECORD PERIOD 1876 TO 2022


WEATHER ITEM   OBSERVED TIME   RECORD YEAR NORMAL DEPARTURE LAST
                VALUE   (LST)  VALUE       VALUE  FROM      YEAR
                                                  NORMAL
...................................................................
TEMPERATURE (F)
 YESTERDAY
  MAXIMUM        100    517 PM 109    1952  95      5       98
  MINIMUM         77    652 AM  43    1908  71      6       71
  AVERAGE         89                        83      6       85

PRECIPITATION (IN)
  YESTERDAY        0.00          1.67 1888   0.01  -0.01     0.00
  MONTH TO DATE    0.00                      0.03  -0.03     0.00
  SINCE OCT 1      0.00                      0.03  -0.03     0.00
  SINCE JAN 1      0.76                      2.52  -1.76     2.13

DEGREE DAYS
 HEATING
  YESTERDAY        0                         0      0        0
  MONTH TO DATE    0                         0      0        0
  SINCE SEP 1      0                         0      0        0
  SINCE JUL 1      0                         0      0        0

 COOLING
  YESTERDAY       24                        18      6       20
  MONTH TO DATE   93                        73     20       74
  SINCE SEP 1    879                       808     71      842
  SINCE JAN 1   4523                      4276    247     4407
...................................................................


WIND (MPH)
  HIGHEST WIND SPEED    15   HIGHEST WIND DIRECTION     E (80)
  HIGHEST GUST SPEED    19   HIGHEST GUST DIRECTION     E (80)
  AVERAGE WIND SPEED     6.9


SKY COVER
  AVERAGE SKY COVER 0.1


WEATHER CONDITIONS
THE FOLLOWING WEATHER WAS RECORDED YESTERDAY.
  NO SIGNIFICANT WEATHER WAS OBSERVED.


RELATIVE HUMIDITY (PERCENT)
 HIGHEST    52
 LOWEST     15
 AVERAGE    34

..........................................................


THE YUMA AZ CLIMATE NORMALS FOR TODAY
                         NORMAL    RECORD    YEAR
 MAXIMUM TEMPERATURE (F)   94       108      1887
                                             1917
 MINIMUM TEMPERATURE (F)   70        46      1919


SUNRISE AND SUNSET
OCTOBER  5 2022.......SUNRISE   635 AM MST   SUNSET   618 PM MST
OCTOBER  6 2022.......SUNRISE   636 AM MST   SUNSET   616 PM MST


-  INDICATES NEGATIVE NUMBERS.
R  INDICATES RECORD WAS SET OR TIED.
MM INDICATES DATA IS MISSING.
T  INDICATES TRACE AMOUNT.




$$
