000
CDUS46 KMTR 020842
CLIOAK

CLIMATE REPORT
NATIONAL WEATHER SERVICE SAN FRANCISCO BAY AREA
142 AM PDT SUN OCT 02 2022

...................................

...THE OAKLAND AIRPORT CLIMATE SUMMARY FOR OCTOBER 1 2022...

CLIMATE NORMAL PERIOD: 1991 TO 2020
CLIMATE RECORD PERIOD: 1948 TO 2022


WEATHER ITEM   OBSERVED TIME   RECORD YEAR NORMAL DEPARTURE LAST
                VALUE   (LST)  VALUE       VALUE  FROM      YEAR
                                                  NORMAL
...................................................................
TEMPERATURE (F)
 YESTERDAY
  MAXIMUM         69   2:55 PM  94    1952  74     -5       87
  MINIMUM         57   2:07 AM  42    1950  54      3       53
  AVERAGE         63                        64     -1       70

PRECIPITATION (IN)
  YESTERDAY        0.00          0.42 1976   0.02  -0.02     0.00
  MONTH TO DATE    0.00                      0.02  -0.02     0.00
  SINCE OCT 1      0.00                      0.02  -0.02     0.00
  SINCE JAN 1      2.42                     11.96  -9.54     5.80

SNOWFALL (IN)
  YESTERDAY       MM             0.0  1985
  MONTH TO DATE   MM
  SINCE SEP 1     MM
  SINCE JUL 1     MM

DEGREE DAYS
 HEATING
  YESTERDAY        2                         3     -1        0
  MONTH TO DATE    2                         3     -1        0
  SINCE SEP 1     11                        59    -48       17
  SINCE JUL 1     78                       168    -90       81

 COOLING
  YESTERDAY        0                         1     -1        5
  MONTH TO DATE    0                         1     -1        5
  SINCE SEP 1    110                        51     59       48
  SINCE JAN 1    229                       156     73      135
...................................................................


WIND (MPH)
  RESULTANT WIND SPEED   7   RESULTANT WIND DIRECTION   W (290)
  HIGHEST WIND SPEED    17   HIGHEST WIND DIRECTION     W (280)
  HIGHEST GUST SPEED    23   HIGHEST GUST DIRECTION     W (260)
  AVERAGE WIND SPEED     8.4


SKY COVER
  POSSIBLE SUNSHINE  MM
  AVERAGE SKY COVER 0.7


WEATHER CONDITIONS
THE FOLLOWING WEATHER WAS RECORDED YESTERDAY.
  NO SIGNIFICANT WEATHER WAS OBSERVED.


RELATIVE HUMIDITY (PERCENT)
 HIGHEST    93          12:00 AM
 LOWEST     65           2:00 PM
 AVERAGE    79

..........................................................


THE OAKLAND AIRPORT CLIMATE NORMALS FOR TODAY
                         NORMAL    RECORD    YEAR
 MAXIMUM TEMPERATURE (F)   74        98      1980
 MINIMUM TEMPERATURE (F)   54        43      1950


SUNRISE AND SUNSET
OCTOBER  2 2022.......SUNRISE   7:05 AM PDT   SUNSET   6:50 PM PDT
OCTOBER  3 2022.......SUNRISE   7:06 AM PDT   SUNSET   6:49 PM PDT


-  INDICATES NEGATIVE NUMBERS.
R  INDICATES RECORD WAS SET OR TIED.
MM INDICATES DATA IS MISSING.
T  INDICATES TRACE AMOUNT.




$$
