000
CDUS43 KOAX 260626
CLIOAX

CLIMATE REPORT
NATIONAL WEATHER SERVICE OMAHA/VALLEY NE
126 AM CDT MON SEP 26 2022

...................................

...THE VALLEY NWS NE CLIMATE SUMMARY FOR SEPTEMBER 25 2022...

CLIMATE NORMAL PERIOD 1991 TO 2020
CLIMATE RECORD PERIOD 1997 TO 2022


WEATHER ITEM   OBSERVED TIME   NORMAL DEPARTURE LAST
                VALUE   (LST)  VALUE  FROM      YEAR
                                      NORMAL
.......................................................
TEMPERATURE (F)
 YESTERDAY
  MAXIMUM         79    220 PM  75      4       79
  MINIMUM         54   1159 PM  52      2       44
  AVERAGE         67            64      3       62

PRECIPITATION (IN)
  YESTERDAY        0.00          0.10  -0.10     0.00
  MONTH TO DATE    1.66          2.54  -0.88     0.91
  SINCE SEP 1      1.66          2.54  -0.88     0.91
  SINCE JAN 1     18.40         27.61  -9.21    31.31

SNOWFALL (IN)
  YESTERDAY        0.0                           0.0
  MONTH TO DATE    0.0                           0.0
  SINCE SEP 1      0.0                           0.0
  SINCE JUL 1      0.0                            T
  SNOW DEPTH       0

DEGREE DAYS
 HEATING
  YESTERDAY        0             4     -4        3
  MONTH TO DATE   24            52    -28       20
  SINCE SEP 1     24            52    -28       20
  SINCE JUL 1     24            57    -33       20

 COOLING
  YESTERDAY        2             3     -1        0
  MONTH TO DATE  194           125     69      141
  SINCE SEP 1    194           125     69      141
  SINCE JAN 1   1490          1172    318     1354
.......................................................


WIND (MPH)
  HIGHEST GUST SPEED    37


WEATHER CONDITIONS
THE FOLLOWING WEATHER WAS RECORDED YESTERDAY.
  NO SIGNIFICANT WEATHER WAS OBSERVED.

..........................................................

SUNRISE AND SUNSET
SEPTEMBER 26 2022.....SUNRISE   717 AM CDT   SUNSET   716 PM CDT
SEPTEMBER 27 2022.....SUNRISE   718 AM CDT   SUNSET   714 PM CDT


-  INDICATES NEGATIVE NUMBERS.
R  INDICATES RECORD WAS SET OR TIED.
MM INDICATES DATA IS MISSING.
T  INDICATES TRACE AMOUNT.




$$
