000
CDUS43 KGID 260622
CLIODX

CLIMATE REPORT
NATIONAL WEATHER SERVICE HASTINGS NE
122 AM CDT MON SEP 26 2022

...................................

...THE ORD NE CLIMATE SUMMARY FOR SEPTEMBER 25 2022...

CLIMATE NORMAL PERIOD 1991 TO 2020
CLIMATE RECORD PERIOD 1895 TO 2022


WEATHER ITEM   OBSERVED TIME   NORMAL DEPARTURE LAST
                VALUE   (LST)  VALUE  FROM      YEAR
                                      NORMAL
.......................................................
TEMPERATURE (F)
 YESTERDAY
  MAXIMUM         79    217 PM  74      5       82
  MINIMUM         44    541 AM  45     -1       37
  AVERAGE         62            60      2       60

PRECIPITATION (IN)
  YESTERDAY        0.00          0.08  -0.08     0.00
  MONTH TO DATE    1.00          1.82  -0.82     2.10
  SINCE SEP 1      1.00          1.82  -0.82     2.10
  SINCE JAN 1     14.45         20.08  -5.63    20.09

DEGREE DAYS
 HEATING
  YESTERDAY        3             7     -4        5
  MONTH TO DATE   36            90    -54       45
  SINCE SEP 1     36            90    -54       45
  SINCE JUL 1     38           105    -67       45

 COOLING
  YESTERDAY        0             1     -1        0
  MONTH TO DATE  121            75     46       88
  SINCE SEP 1    121            75     46       88
  SINCE JAN 1   1103           830    273     1013
.......................................................


WIND (MPH)
  HIGHEST WIND SPEED    24   HIGHEST WIND DIRECTION    NW (320)
  HIGHEST GUST SPEED    33   HIGHEST GUST DIRECTION    NW (310)
  AVERAGE WIND SPEED    10.0


SKY COVER
  AVERAGE SKY COVER 0.1


WEATHER CONDITIONS
THE FOLLOWING WEATHER WAS RECORDED YESTERDAY.
  NO SIGNIFICANT WEATHER WAS OBSERVED.


RELATIVE HUMIDITY (PERCENT)
 HIGHEST    90           700 AM
 LOWEST     26           400 PM
 AVERAGE    58

..........................................................


THE ORD NE CLIMATE NORMALS FOR TODAY
                         NORMAL    RECORD
 MAXIMUM TEMPERATURE (F)   73        MM
 MINIMUM TEMPERATURE (F)   45        MM


SUNRISE AND SUNSET
SEPTEMBER 26 2022.....SUNRISE   727 AM CDT   SUNSET   726 PM CDT
SEPTEMBER 27 2022.....SUNRISE   728 AM CDT   SUNSET   724 PM CDT


-  INDICATES NEGATIVE NUMBERS.
R  INDICATES RECORD WAS SET OR TIED.
MM INDICATES DATA IS MISSING.
T  INDICATES TRACE AMOUNT.




$$
