000
CDUS43 KOAX 060628
CLIOFK

CLIMATE REPORT
NATIONAL WEATHER SERVICE OMAHA/VALLEY NE
128 AM CDT THU OCT 06 2022

...................................

...THE NORFOLK NE CLIMATE SUMMARY FOR OCTOBER 5 2022...

CLIMATE NORMAL PERIOD 1991 TO 2020
CLIMATE RECORD PERIOD 1888 TO 2022


WEATHER ITEM   OBSERVED TIME   RECORD YEAR NORMAL DEPARTURE LAST
                VALUE   (LST)  VALUE       VALUE  FROM      YEAR
                                                  NORMAL
...................................................................
TEMPERATURE (F)
 YESTERDAY
  MAXIMUM         75    359 PM  95    1990  69      6       80
  MINIMUM         51    706 AM  26    1988  43      8       43
  AVERAGE         63                        56      7       62

PRECIPITATION (IN)
  YESTERDAY        0.00          1.47 1995   0.08  -0.08     0.00
  MONTH TO DATE    0.00                      0.46  -0.46     0.01
  SINCE SEP 1      1.49                      2.83  -1.34     1.79
  SINCE JAN 1     11.65                     23.26 -11.61    22.98

SNOWFALL (IN)
  YESTERDAY        0.0           0.0  2001   0.0    0.0      0.0
                                      2002
  MONTH TO DATE    0.0                       0.0    0.0      0.0
  SINCE SEP 1      0.0                       0.0    0.0      0.0
  SINCE JUL 1      0.0                       0.0    0.0      0.0
  SNOW DEPTH       0

DEGREE DAYS
 HEATING
  YESTERDAY        2                        10     -8        3
  MONTH TO DATE    4                        44    -40       11
  SINCE SEP 1     44                       160   -116       45
  SINCE JUL 1     44                       175   -131       45

 COOLING
  YESTERDAY        0                         1     -1        0
  MONTH TO DATE   11                         5      6        2
  SINCE SEP 1    183                       101     82      149
  SINCE JAN 1   1318                       902    416     1203
...................................................................


WIND (MPH)
  HIGHEST WIND SPEED    18   HIGHEST WIND DIRECTION    NW (330)
  HIGHEST GUST SPEED    26   HIGHEST GUST DIRECTION    NW (330)
  AVERAGE WIND SPEED     7.2


SKY COVER
  POSSIBLE SUNSHINE  MM
  AVERAGE SKY COVER 0.4


WEATHER CONDITIONS
THE FOLLOWING WEATHER WAS RECORDED YESTERDAY.
  FOG
  FOG W/VISIBILITY <= 1/4 MILE

..........................................................


THE NORFOLK NE CLIMATE NORMALS FOR TODAY
                         NORMAL    RECORD    YEAR
 MAXIMUM TEMPERATURE (F)   69        90      1997
 MINIMUM TEMPERATURE (F)   43        22      1935
                                             2000


SUNRISE AND SUNSET
OCTOBER  6 2022.......SUNRISE   732 AM CDT   SUNSET   703 PM CDT
OCTOBER  7 2022.......SUNRISE   733 AM CDT   SUNSET   701 PM CDT


-  INDICATES NEGATIVE NUMBERS.
R  INDICATES RECORD WAS SET OR TIED.
MM INDICATES DATA IS MISSING.
T  INDICATES TRACE AMOUNT.




$$
