000
CDUS42 KCAE 060532
CLIOGB

CLIMATE REPORT
NATIONAL WEATHER SERVICE COLUMBIA SC
132 AM EDT THU OCT 06 2022

...................................

...THE ORANGEBURG AIRPORT SC CLIMATE SUMMARY FOR OCTOBER 5 2022...

CLIMATE NORMAL PERIOD: 1991 TO 2020
CLIMATE RECORD PERIOD: 9999 TO 9999


WEATHER ITEM   OBSERVED TIME   NORMAL DEPARTURE LAST
                VALUE   (LST)  VALUE  FROM      YEAR
                                      NORMAL
.......................................................
TEMPERATURE (F)
 YESTERDAY
  MAXIMUM         77   4:39 PM  81     -4       83
  MINIMUM         48   6:36 AM  60    -12       67
  AVERAGE         63            70     -7       75

PRECIPITATION (IN)
  YESTERDAY        0.00          0.14  -0.14     0.86
  MONTH TO DATE    T             0.71  -0.71     0.90
  SINCE SEP 1      3.05          4.69  -1.64     4.74
  SINCE JAN 1     35.90         35.29   0.61    36.19

DEGREE DAYS
 HEATING
  YESTERDAY        2             1      1        0
  MONTH TO DATE   11             4      7        0
  SINCE SEP 1     20             7     13        0
  SINCE JUL 1     20             7     13        0

 COOLING
  YESTERDAY        0             6     -6       10
  MONTH TO DATE    3            32    -29       46
  SINCE SEP 1    309           359    -50      347
  SINCE JAN 1   2218          2137     81     2090
.......................................................


WIND (MPH)
  HIGHEST WIND SPEED    12   HIGHEST WIND DIRECTION    NW (310)
  HIGHEST GUST SPEED    18   HIGHEST GUST DIRECTION     N (340)
  AVERAGE WIND SPEED     3.4


SKY COVER
  AVERAGE SKY COVER 0.1


WEATHER CONDITIONS
THE FOLLOWING WEATHER WAS RECORDED YESTERDAY.
  NO SIGNIFICANT WEATHER WAS OBSERVED.


RELATIVE HUMIDITY (PERCENT)
 HIGHEST    93          11:00 PM
 LOWEST     25           4:00 PM

..........................................................


THE ORANGEBURG AIRPORT SC CLIMATE NORMALS FOR TODAY
                         NORMAL    RECORD    YEAR
 MAXIMUM TEMPERATURE (F)   80        MM        MM
 MINIMUM TEMPERATURE (F)   59        MM        MM


SUNRISE AND SUNSET
OCTOBER  6 2022.......SUNRISE   7:21 AM EDT   SUNSET   7:01 PM EDT
OCTOBER  7 2022.......SUNRISE   7:22 AM EDT   SUNSET   7:00 PM EDT


-  INDICATES NEGATIVE NUMBERS.
R  INDICATES RECORD WAS SET OR TIED.
MM INDICATES DATA IS MISSING.
T  INDICATES TRACE AMOUNT.




$$
