000
CDHW42 PHFO 010231
CLIOGG

CLIMATE REPORT
NATIONAL WEATHER SERVICE HONOLULU HI
431 PM HST FRI SEP 30 2022

...................................

...THE KAHULUI HI CLIMATE SUMMARY FOR SEPTEMBER 30 2022...
VALID TODAY AS OF 0425 PM LOCAL TIME.

CLIMATE NORMAL PERIOD 1991 TO 2020
CLIMATE RECORD PERIOD 1954 TO 2022


WEATHER ITEM   OBSERVED TIME   RECORD YEAR NORMAL DEPARTURE LAST
                VALUE   (LST)  VALUE       VALUE  FROM      YEAR
                                                  NORMAL
...................................................................
TEMPERATURE (F)
 TODAY
  MAXIMUM         94R   101 PM  93    1980  90      4       87
  MINIMUM         72    617 AM  62    1962  71      1       70
  AVERAGE         83                        80      3       79

PRECIPITATION (IN)
  TODAY            0.00          0.19 1990   0.01  -0.01      T
  MONTH TO DATE    0.53                      0.45   0.08     0.13
  SINCE SEP 1      0.53                      0.45   0.08     0.13
  SINCE JAN 1      1.34                     10.77  -9.43    15.59

SNOWFALL (IN)
  TODAY           MM
  MONTH TO DATE   MM
  SINCE SEP 1     MM
  SINCE JUL 1     MM
  SNOW DEPTH      MM

DEGREE DAYS
 HEATING
  TODAY            0                         0      0        0
  MONTH TO DATE    0                         0      0        0
  SINCE SEP 1      0                         0      0        0
  SINCE JUL 1      0                         0      0        0

 COOLING
  TODAY           18                        15      3       14
  MONTH TO DATE  526                       468     58      451
  SINCE SEP 1    526                       468     58      451
  SINCE JAN 1   3615                      3315    300     3202
...................................................................


WIND (MPH)
  HIGHEST WIND SPEED    30   HIGHEST WIND DIRECTION    NE (40)
  HIGHEST GUST SPEED    35   HIGHEST GUST DIRECTION    NE (40)
  AVERAGE WIND SPEED    10.3


SKY COVER
  POSSIBLE SUNSHINE  MM
  AVERAGE SKY COVER 0.3


WEATHER CONDITIONS
THE FOLLOWING WEATHER WAS RECORDED TODAY.
  NO SIGNIFICANT WEATHER WAS OBSERVED.


RELATIVE HUMIDITY (PERCENT)
 HIGHEST    74          1200 AM
 LOWEST     35           100 PM
 AVERAGE    55

..........................................................


THE KAHULUI HI CLIMATE NORMALS FOR TOMORROW
                         NORMAL    RECORD    YEAR
 MAXIMUM TEMPERATURE (F)   90        92      1986
                                             1996
 MINIMUM TEMPERATURE (F)   71        64      1999


SUNRISE AND SUNSET
SEPTEMBER 30 2022.....SUNRISE   617 AM HST   SUNSET   614 PM HST
OCTOBER  1 2022.......SUNRISE   617 AM HST   SUNSET   613 PM HST


-  INDICATES NEGATIVE NUMBERS.
R  INDICATES RECORD WAS SET OR TIED.
MM INDICATES DATA IS MISSING.
T  INDICATES TRACE AMOUNT.




$$
