000
CDUS43 KEAX 010631
CLIOJC

CLIMATE REPORT
NATIONAL WEATHER SERVICE KANSAS CITY/PLEASANT HILL MO
131 AM CDT SAT OCT 01 2022

...................................

...THE JOHNSON COUNTY EXECUTIVE KS CLIMATE SUMMARY FOR SEPTEMBER 30 2022...

CLIMATE NORMAL PERIOD: 1991 TO 2020
CLIMATE RECORD PERIOD: 9999 TO 9999


WEATHER ITEM   OBSERVED TIME   NORMAL DEPARTURE LAST
                VALUE   (LST)  VALUE  FROM      YEAR
                                      NORMAL
.......................................................
TEMPERATURE (F)
 YESTERDAY
  MAXIMUM         75   3:22 PM  73      2       84
  MINIMUM         46   6:26 AM  53     -7       66
  AVERAGE         61            63     -2       75

PRECIPITATION (IN)
  YESTERDAY        0.00          0.11  -0.11     0.00
  MONTH TO DATE    0.42          3.54  -3.12     2.93
  SINCE SEP 1      0.42          3.54  -3.12     2.93
  SINCE JAN 1     26.87         31.28  -4.41    32.75

DEGREE DAYS
 HEATING
  YESTERDAY        4             4      0        0
  MONTH TO DATE   19            51    -32        9
  SINCE SEP 1     19            51    -32        9
  SINCE JUL 1     19            52    -33        9

 COOLING
  YESTERDAY        0             2     -2       10
  MONTH TO DATE  215           152     63      251
  SINCE SEP 1    215           152     63      251
  SINCE JAN 1   1693          1323    370     1540
.......................................................


WIND (MPH)
  HIGHEST WIND SPEED    14   HIGHEST WIND DIRECTION    SE (130)
  HIGHEST GUST SPEED    20   HIGHEST GUST DIRECTION    SE (130)
  AVERAGE WIND SPEED     7.1


SKY COVER
  AVERAGE SKY COVER 0.0


WEATHER CONDITIONS
THE FOLLOWING WEATHER WAS RECORDED YESTERDAY.
  NO SIGNIFICANT WEATHER WAS OBSERVED.


RELATIVE HUMIDITY (PERCENT)
 HIGHEST    80           6:00 AM
 LOWEST     29           3:00 PM
 AVERAGE    55

..........................................................


THE JOHNSON COUNTY EXECUTIVE KS CLIMATE NORMALS FOR TODAY
                         NORMAL




SUNRISE AND SUNSET
OCTOBER  1 2022.......SUNRISE   7:15 AM CDT   SUNSET   7:01 PM CDT
OCTOBER  2 2022.......SUNRISE   7:16 AM CDT   SUNSET   7:00 PM CDT


-  INDICATES NEGATIVE NUMBERS.
R  INDICATES RECORD WAS SET OR TIED.
MM INDICATES DATA IS MISSING.
T  INDICATES TRACE AMOUNT.




$$
