000
CDUS46 KSGX 260017
CLIOKB

CLIMATE REPORT
NATIONAL WEATHER SERVICE SAN DIEGO, CA
517 PM PDT SUN SEP 25 2022

...................................

...THE OCEANSIDE AIRPORT CA CLIMATE SUMMARY FOR SEPTEMBER 25 2022...
VALID TODAY AS OF 0400 PM LOCAL TIME.

CLIMATE NORMAL PERIOD: 1991 TO 2020
CLIMATE RECORD PERIOD: 1999 TO 2022


WEATHER ITEM   OBSERVED TIME   RECORD YEAR NORMAL DEPARTURE LAST
                VALUE   (LST)  VALUE       VALUE  FROM      YEAR
                                                  NORMAL
...................................................................
TEMPERATURE (F)
 TODAY
  MAXIMUM         81   1:20 PM  91    2016  77      4       74
  MINIMUM         59   6:08 AM  48    2017  58      1       60
  AVERAGE         70                        67      3       67

PRECIPITATION (IN)
  TODAY            0.00          0.01 2010   0.00   0.00     0.00
  MONTH TO DATE    0.40                      0.09   0.31     0.02
  SINCE JUL 1      0.40                      0.18   0.22     0.72
  SINCE OCT 1      7.55                     11.82  -4.27     6.32
  SINCE JAN 1      2.28                      8.41  -6.13     4.85

DEGREE DAYS
 HEATING
  TODAY            0                         0      0        0
  MONTH TO DATE    0                         0      0        3
  SINCE SEP 1      0                         0      0        3
  SINCE JUL 1      0                         3     -3        3

 COOLING
  TODAY            5                         3      2        2
  MONTH TO DATE  208                       103    105      121
  SINCE SEP 1    208                       103    105      121
  SINCE JAN 1    728                       454    274      530
...................................................................


WIND (MPH)
  RESULTANT WIND SPEED   4   RESULTANT WIND DIRECTION   W (250)
  HIGHEST WIND SPEED    14   HIGHEST WIND DIRECTION     W (260)
  HIGHEST GUST SPEED    21   HIGHEST GUST DIRECTION     W (290)
  AVERAGE WIND SPEED     4.6


SKY COVER
  POSSIBLE SUNSHINE  MM
  AVERAGE SKY COVER 0.0


WEATHER CONDITIONS
THE FOLLOWING WEATHER WAS RECORDED TODAY.
  FOG


RELATIVE HUMIDITY (PERCENT)
 HIGHEST    97           1:00 AM
 LOWEST     62          10:00 AM
 AVERAGE    80

..........................................................


THE OCEANSIDE AIRPORT CA CLIMATE NORMALS FOR TOMORROW
                         NORMAL    RECORD    YEAR
 MAXIMUM TEMPERATURE (F)   77       104      2016
 MINIMUM TEMPERATURE (F)   58        47      2017


SUNRISE AND SUNSET
SEPTEMBER 25 2022.....SUNRISE   6:40 AM PDT   SUNSET   6:42 PM PDT
SEPTEMBER 26 2022.....SUNRISE   6:40 AM PDT   SUNSET   6:40 PM PDT


-  INDICATES NEGATIVE NUMBERS.
R  INDICATES RECORD WAS SET OR TIED.
MM INDICATES DATA IS MISSING.
T  INDICATES TRACE AMOUNT.




$$
