000
CDUS45 KGGW 060032
CLIOLF

CLIMATE REPORT
NATIONAL WEATHER SERVICE GLASGOW, MT
632 PM MDT WED OCT 05 2022

...................................

...THE WOLF POINT MT CLIMATE SUMMARY FOR OCTOBER 5 2022...
VALID TODAY AS OF 0600 PM LOCAL TIME.

CLIMATE NORMAL PERIOD: 1991 TO 2020
CLIMATE RECORD PERIOD: 9999 TO 9999


WEATHER ITEM   OBSERVED RECORD YEAR NORMAL DEPARTURE LAST
                VALUE   VALUE       VALUE  FROM      YEAR
                                           NORMAL
............................................................
TEMPERATURE (F)
 TODAY
  MAXIMUM         71     MM      MM  65      6       88
  MINIMUM         47     MM      MM  35     12       42
  AVERAGE         59                 50      9       65

PRECIPITATION (IN)
  TODAY            0.00  MM      MM   0.03  -0.03     0.00
  MONTH TO DATE    0.98               0.17   0.81     0.00
  SINCE SEP 1      1.53               1.18   0.35     0.20
  SINCE OCT 1      0.98               0.17   0.81     0.00
  SINCE JAN 1      9.82              11.18  -1.36     7.76

SNOWFALL (IN)
  TODAY           MM     MM      MM  MM              MM

DEGREE DAYS
 HEATING
  TODAY            6                 15     -9        0
  MONTH TO DATE   38                 71    -33       22
  SINCE SEP 1    172                294   -122      162
  SINCE JUL 1    176                342   -166      199

 COOLING
  TODAY            0                  0      0        0
  MONTH TO DATE    0                  0      0        0
  SINCE SEP 1     74                 36     38       21
  SINCE JAN 1    681                506    175      747
............................................................


WIND (MPH)
  RESULTANT WIND SPEED   4   RESULTANT WIND DIRECTION  NE (40)
  HIGHEST WIND SPEED    18   HIGHEST WIND DIRECTION    NE (40)
  HIGHEST GUST SPEED    24   HIGHEST GUST DIRECTION    NE (40)


SKY COVER
  POSSIBLE SUNSHINE  MM
  AVERAGE SKY COVER 0.0


WEATHER CONDITIONS
THE FOLLOWING WEATHER WAS RECORDED TODAY.
  FOG


RELATIVE HUMIDITY (PERCENT)
 HIGHEST   100
 LOWEST     31
 AVERAGE    66

..........................................................


THE WOLF POINT MT CLIMATE NORMALS FOR TOMORROW
                         NORMAL    RECORD    YEAR
 MAXIMUM TEMPERATURE (F)   65        MM        MM
 MINIMUM TEMPERATURE (F)   35        MM        MM


SUNRISE AND SUNSET
OCTOBER  5 2022.......SUNRISE   7:07 AM MDT   SUNSET   6:33 PM MDT
OCTOBER  6 2022.......SUNRISE   7:09 AM MDT   SUNSET   6:31 PM MDT


-  INDICATES NEGATIVE NUMBERS.
R  INDICATES RECORD WAS SET OR TIED.
MM INDICATES DATA IS MISSING.
T  INDICATES TRACE AMOUNT.




$$
