000
CDUS46 KSEW 010828
CLIOLM

CLIMATE REPORT
NATIONAL WEATHER SERVICE SEATTLE
128 AM PDT SAT OCT 01 2022

...................................

...THE OLYMPIA WA AIRPORT CLIMATE SUMMARY FOR SEPTEMBER 30 2022...

CLIMATE NORMAL PERIOD 1991 TO 2020
CLIMATE RECORD PERIOD 1941 TO 2022


WEATHER ITEM   OBSERVED TIME   RECORD YEAR NORMAL DEPARTURE LAST
                VALUE   (LST)  VALUE       VALUE  FROM      YEAR
                                                  NORMAL
...................................................................
TEMPERATURE (F)
 YESTERDAY
  MAXIMUM         71    359 PM  83    1987  67      4       60
                                      1992
  MINIMUM         48   1205 AM  29    1950  44      4       47
                                      2019
  AVERAGE         60                        55      5       54

PRECIPITATION (IN)
  YESTERDAY        0.00          1.52 2013   0.10  -0.10     0.29
  MONTH TO DATE    0.13                      2.04  -1.91     3.31
  SINCE OCT 1     58.59                     50.62   7.97    52.85
  SINCE JAN 1     32.21                     29.49   2.72    32.42

DEGREE DAYS
 HEATING
  YESTERDAY        5                        10     -5       11
  MONTH TO DATE   89                       185    -96      161
  SINCE SEP 1     89                       185    -96      161
  SINCE JUL 1    163                       325   -162      247

 COOLING
  YESTERDAY        0                         0      0        0
  MONTH TO DATE   11                         8      3       11
  SINCE SEP 1     11                         8      3       11
  SINCE JAN 1    241                       113    128      248
...................................................................


WIND (MPH)
  RESULTANT WIND SPEED   3   RESULTANT WIND DIRECTION   N (20)
  HIGHEST WIND SPEED    12   HIGHEST WIND DIRECTION     N (360)
  HIGHEST GUST SPEED    16   HIGHEST GUST DIRECTION     N (10)
  AVERAGE WIND SPEED     3.9


SKY COVER
  AVERAGE SKY COVER 0.5


WEATHER CONDITIONS
THE FOLLOWING WEATHER WAS RECORDED YESTERDAY.
  FOG
  FOG W/VISIBILITY <= 1/4 MILE


RELATIVE HUMIDITY (PERCENT)
 HIGHEST   100           100 AM
 LOWEST     57           400 PM
 AVERAGE    79

..........................................................


THE OLYMPIA WA AIRPORT CLIMATE NORMALS FOR TODAY
                         NORMAL    RECORD    YEAR
 MAXIMUM TEMPERATURE (F)   67        90      1987
 MINIMUM TEMPERATURE (F)   43        29      1950
                                             1983
                                             2019


SUNRISE AND SUNSET
OCTOBER  1 2022.......SUNRISE   711 AM PDT   SUNSET   651 PM PDT
OCTOBER  2 2022.......SUNRISE   712 AM PDT   SUNSET   649 PM PDT


-  INDICATES NEGATIVE NUMBERS.
R  INDICATES RECORD WAS SET OR TIED.
MM INDICATES DATA IS MISSING.
T  INDICATES TRACE AMOUNT.




$$
