000
CDUS45 KTWC 051430
CLIOLS

CLIMATE REPORT
NATIONAL WEATHER SERVICE TUCSON AZ
730 AM MST WED OCT 05 2022

...................................

...THE NOGALES AZ AIRPORT CLIMATE SUMMARY FOR OCTOBER 5 2022...
VALID AS OF 0700 AM LOCAL TIME.

CLIMATE NORMAL PERIOD 1991 TO 2020
CLIMATE RECORD PERIOD 1999 TO 2022


WEATHER ITEM   OBSERVED TIME   RECORD YEAR NORMAL DEPARTURE LAST
                VALUE   (LST)  VALUE       VALUE  FROM      YEAR
                                                  NORMAL
...................................................................
TEMPERATURE (F)
 TODAY
  MINIMUM         53    636 AM  47    2016  53      0       58

PRECIPITATION (IN)
  TODAY            0.00          0.62 2006   0.02  -0.02      T
  MONTH TO DATE    0.05                      0.14  -0.09      T
  SINCE OCT 1      0.05                      0.14  -0.09      T
  SINCE JAN 1     15.96                     12.48   3.48    13.57

DEGREE DAYS
 HEATING
  TODAY           10                         0     10        0

 COOLING
  TODAY            0                         5     -5        8
...................................................................


WIND (MPH)
  HIGHEST WIND SPEED     7   HIGHEST WIND DIRECTION     E (80)
  HIGHEST GUST SPEED     8   HIGHEST GUST DIRECTION    SW (210)
  AVERAGE WIND SPEED     2.2


RELATIVE HUMIDITY (PERCENT)
 HIGHEST    93
 LOWEST     77
 AVERAGE    85

..........................................................


THE NOGALES AZ AIRPORT CLIMATE NORMALS FOR TOMORROW
                         NORMAL    RECORD    YEAR
 MAXIMUM TEMPERATURE (F)   86        97      2020
 MINIMUM TEMPERATURE (F)   53        44      2008


SUNRISE AND SUNSET
OCTOBER  5 2022.......SUNRISE   620 AM MST   SUNSET   603 PM MST
OCTOBER  6 2022.......SUNRISE   620 AM MST   SUNSET   602 PM MST


-  INDICATES NEGATIVE NUMBERS.
R  INDICATES RECORD WAS SET OR TIED.
MM INDICATES DATA IS MISSING.
T  INDICATES TRACE AMOUNT.




$$
