000
CDUS43 KOAX 020632
CLIOMA

CLIMATE REPORT
NATIONAL WEATHER SERVICE OMAHA/VALLEY NE
132 AM CDT SUN OCT 02 2022

...................................

...THE OMAHA NE CLIMATE SUMMARY FOR OCTOBER 1 2022...

CLIMATE NORMAL PERIOD 1991 TO 2020
CLIMATE RECORD PERIOD 1871 TO 2022


WEATHER ITEM   OBSERVED TIME   RECORD YEAR NORMAL DEPARTURE LAST
                VALUE   (LST)  VALUE       VALUE  FROM      YEAR
                                                  NORMAL
...................................................................
TEMPERATURE (F)
 YESTERDAY
  MAXIMUM         80    343 PM  94    1976  73      7       74
  MINIMUM         53    616 AM  29    1974  50      3       66
  AVERAGE         67                        61      6       70

PRECIPITATION (IN)
  YESTERDAY        0.00          2.12 2019   0.10  -0.10      T
  MONTH TO DATE    0.00                      0.10  -0.10      T
  SINCE SEP 1      1.55                      3.06  -1.51     2.35
  SINCE JAN 1     20.36                     26.97  -6.61    27.74

SNOWFALL (IN)
  YESTERDAY        0.0           T    2002   0.0    0.0      0.0
  MONTH TO DATE    0.0                       0.0    0.0      0.0
  SINCE SEP 1      0.0                       0.0    0.0      0.0
  SINCE JUL 1      0.0                       0.0    0.0      0.0
  SNOW DEPTH       0

DEGREE DAYS
 HEATING
  YESTERDAY        0                         6     -6        0
  MONTH TO DATE    0                         6     -6        0
  SINCE SEP 1     51                        76    -25       17
  SINCE JUL 1     51                        79    -28       17

 COOLING
  YESTERDAY        2                         2      0        5
  MONTH TO DATE    2                         2      0        5
  SINCE SEP 1    178                       150     28      209
  SINCE JAN 1   1448                      1274    174     1514
...................................................................


WIND (MPH)
  HIGHEST WIND SPEED    20   HIGHEST WIND DIRECTION     S (160)
  HIGHEST GUST SPEED    25   HIGHEST GUST DIRECTION     S (160)
  AVERAGE WIND SPEED    11.0


SKY COVER
  POSSIBLE SUNSHINE  MM
  AVERAGE SKY COVER 0.6


WEATHER CONDITIONS
THE FOLLOWING WEATHER WAS RECORDED YESTERDAY.
  NO SIGNIFICANT WEATHER WAS OBSERVED.

..........................................................


THE OMAHA NE CLIMATE NORMALS FOR TODAY
                         NORMAL    RECORD    YEAR
 MAXIMUM TEMPERATURE (F)   73        94      1953
 MINIMUM TEMPERATURE (F)   49        27      1974


SUNRISE AND SUNSET
OCTOBER  2 2022.......SUNRISE   721 AM CDT   SUNSET   704 PM CDT
OCTOBER  3 2022.......SUNRISE   722 AM CDT   SUNSET   702 PM CDT


-  INDICATES NEGATIVE NUMBERS.
R  INDICATES RECORD WAS SET OR TIED.
MM INDICATES DATA IS MISSING.
T  INDICATES TRACE AMOUNT.




$$
