000
CDAK49 PAFG 020951
CLIOME

CLIMATE REPORT
NATIONAL WEATHER SERVICE FAIRBANKS AK
151 AM AKDT SUN OCT 2 2022


...THE NOME AK CLIMATE SUMMARY FOR OCTOBER 1 2022...

CLIMATE NORMAL PERIOD 1991 TO 2020
CLIMATE RECORD PERIOD 1906 TO 2022


WEATHER ITEM   OBSERVED TIME   RECORD YEAR NORMAL DEPARTURE LAST
                VALUE   (LST)  VALUE       VALUE  FROM      YEAR
                                                  NORMAL
...................................................................
TEMPERATURE (F)
 YESTERDAY
  MAXIMUM         47    305 PM  59    1954  42      5       38
  MINIMUM         30    649 AM  16    1919  31     -1       26
  AVERAGE         39                        37      2       32

PRECIPITATION (IN)
  YESTERDAY        0.00          0.84 2015   0.07  -0.07      T
  MONTH TO DATE    0.00                      0.07  -0.07      T
  SINCE SEP 1      5.57                      2.27   3.30     1.84
  SINCE JAN 1     16.21                     13.13   3.08    17.94

DEGREE DAYS
 HEATING
  YESTERDAY       26                        28     -2       33
  MONTH TO DATE   26                        28     -2       33
  SINCE SEP 1    570                       685   -115      710
  SINCE JUL 1   1419                      1549   -130     1636

 COOLING
  YESTERDAY        0                         0      0        0
  MONTH TO DATE    0                         0      0        0
  SINCE SEP 1      0                         0      0        0
  SINCE JAN 1      0                         3     -3        2
...................................................................


WIND (MPH)
  HIGHEST GUST SPEED    13   HIGHEST GUST DIRECTION     E (70)


SKY COVER
  AVERAGE SKY COVER 0.1


WEATHER CONDITIONS
THE FOLLOWING WEATHER WAS RECORDED YESTERDAY.
  NO SIGNIFICANT WEATHER WAS OBSERVED.


RELATIVE HUMIDITY (PERCENT)
 HIGHEST    79
 LOWEST     55
 AVERAGE    67

..........................................................


THE NOME AK CLIMATE NORMALS FOR TODAY
                         NORMAL    RECORD    YEAR
 MAXIMUM TEMPERATURE (F)   42        58      1950
 MINIMUM TEMPERATURE (F)   30        13      1992


SUNRISE AND SUNSET
OCTOBER 02 2022.......SUNRISE   915 AM AKDT  SUNSET   825 PM AKDT
OCTOBER 03 2022.......SUNRISE   918 AM AKDT  SUNSET   822 PM AKDT

-  INDICATES NEGATIVE NUMBERS.
R  INDICATES RECORD WAS SET OR TIED.
MM INDICATES DATA IS MISSING.
T  INDICATES TRACE AMOUNT.

&&

----------------------------
AVAILABLE DAYLIGHT

AMOUNT OF DAYLIGHT TODAY  (HOUR:MIN)........11:10
GAIN/LOSS SINCE YESTERDAY (HOUR:MIN:SEC)....-0:06:33
----------------------------

NOME TIDAL INFORMATION FOR  2 OCTOBER 2022
B`0318  +0.5N0848  +1.1N1638  -0.2N2339  +1.0`

$$
SDB OCT 22
