000
CDUS46 KOTX 300846
CLIOMK

CLIMATE REPORT
NATIONAL WEATHER SERVICE SPOKANE WA
146 AM PDT FRI SEP 30 2022

...................................

...THE OMAK WA AIRPORT CLIMATE SUMMARY FOR SEPTEMBER 29 2022...

CLIMATE NORMAL PERIOD 1991 TO 2020
CLIMATE RECORD PERIOD 9999 TO 9999


WEATHER ITEM   OBSERVED TIME   RECORD YEAR NORMAL DEPARTURE LAST
                VALUE   (LST)  VALUE       VALUE  FROM      YEAR
                                                  NORMAL
...................................................................
TEMPERATURE (F)
 YESTERDAY
  MAXIMUM         73    226 PM  86    1932  71      2       63
                                      1989
                                      1990
  MINIMUM         51   1151 PM  25    1945  44      7       37
  AVERAGE         62                        58      4       50

PRECIPITATION (IN)
  YESTERDAY        0.00          0.84 1944   0.02  -0.02     0.00
  MONTH TO DATE    0.26                      0.38  -0.12     0.25
  SINCE OCT 1     12.42                     11.58   0.84     9.90
  SINCE JAN 1      7.88                      7.47   0.41     5.32

SNOWFALL (IN)
  YESTERDAY       MM

DEGREE DAYS
 HEATING
  YESTERDAY        3                         8     -5       15
  MONTH TO DATE   18                       108    -90       99
  SINCE SEP 1     18                       108    -90       99
  SINCE JUL 1     22                       129   -107      106

 COOLING
  YESTERDAY        0                         0      0        0
  MONTH TO DATE   88                        65     23       47
  SINCE SEP 1     88                        65     23       47
  SINCE JAN 1    934                       701    233     1173
...................................................................


WIND (MPH)
  HIGHEST WIND SPEED    10   HIGHEST WIND DIRECTION     S (160)
  HIGHEST GUST SPEED    12   HIGHEST GUST DIRECTION    SE (150)
  AVERAGE WIND SPEED     4.5


SKY COVER
  POSSIBLE SUNSHINE  MM
  AVERAGE SKY COVER 0.7


WEATHER CONDITIONS
THE FOLLOWING WEATHER WAS RECORDED YESTERDAY.
  NO SIGNIFICANT WEATHER WAS OBSERVED.


RELATIVE HUMIDITY (PERCENT)
 HIGHEST    75          1000 PM
 LOWEST     44           200 PM
 AVERAGE    60

..........................................................


THE OMAK WA AIRPORT CLIMATE NORMALS FOR TODAY
                         NORMAL    RECORD    YEAR
 MAXIMUM TEMPERATURE (F)   71        87      1923
 MINIMUM TEMPERATURE (F)   44        28      1921
                                             1933


SUNRISE AND SUNSET
SEPTEMBER 30 2022.....SUNRISE   656 AM PDT   SUNSET   639 PM PDT
OCTOBER  1 2022.......SUNRISE   658 AM PDT   SUNSET   637 PM PDT


-  INDICATES NEGATIVE NUMBERS.
R  INDICATES RECORD WAS SET OR TIED.
MM INDICATES DATA IS MISSING.
T  INDICATES TRACE AMOUNT.




$$
