000
CDUS46 KBOI 010131
CLIONO

CLIMATE REPORT
NATIONAL WEATHER SERVICE BOISE ID
731 PM MDT FRI SEP 30 2022

...................................

...THE ONTARIO OR CLIMATE SUMMARY FOR SEPTEMBER 30 2022...
VALID TODAY AS OF 0600 PM LOCAL TIME.

CLIMATE NORMAL PERIOD 1991 TO 2020
CLIMATE RECORD PERIOD 1948 TO 2022


WEATHER ITEM   OBSERVED TIME   RECORD YEAR NORMAL DEPARTURE LAST
                VALUE   (LST)  VALUE       VALUE  FROM      YEAR
                                                  NORMAL
...................................................................
TEMPERATURE (F)
 TODAY
  MAXIMUM         77    154 PM  93    1957  76      1       73
                                      1963
  MINIMUM         52    718 AM  24    1985  45      7       36
  AVERAGE         65                        60      5       55

PRECIPITATION (IN)
  TODAY            T             0.35 1989   0.02  -0.02     0.00
  MONTH TO DATE    T                         0.29  -0.29     0.28
  SINCE OCT 1      7.31                      9.48  -2.17     7.20
  SINCE JAN 1      4.27                      6.57  -2.30     5.13

DEGREE DAYS
 HEATING
  TODAY            0                         5     -5       10
  MONTH TO DATE   12                        71    -59       66
  SINCE SEP 1     12                        71    -59       66
  SINCE JUL 1     12                        77    -65       66

 COOLING
  TODAY            0                         1     -1        0
  MONTH TO DATE  156                        98     58       70
  SINCE SEP 1    156                        98     58       70
  SINCE JAN 1   1410                      1096    314     1485
...................................................................


WIND (MPH)
  HIGHEST WIND SPEED    16   HIGHEST WIND DIRECTION     N (350)
  HIGHEST GUST SPEED    24   HIGHEST GUST DIRECTION     N (340)
  AVERAGE WIND SPEED     6.0


RELATIVE HUMIDITY (PERCENT)
 HIGHEST    77           700 AM
 LOWEST     30           200 PM
 AVERAGE    54

..........................................................


THE ONTARIO OR CLIMATE NORMALS FOR TOMORROW
                         NORMAL    RECORD    YEAR
 MAXIMUM TEMPERATURE (F)   76        93      1997
 MINIMUM TEMPERATURE (F)   44        22      1950


SUNRISE AND SUNSET
SEPTEMBER 30 2022.....SUNRISE   745 AM MDT   SUNSET   730 PM MDT
OCTOBER  1 2022.......SUNRISE   746 AM MDT   SUNSET   729 PM MDT


-  INDICATES NEGATIVE NUMBERS.
R  INDICATES RECORD WAS SET OR TIED.
MM INDICATES DATA IS MISSING.
T  INDICATES TRACE AMOUNT.




$$
