000
CDUS46 KSGX 260918
CLIONT

CLIMATE REPORT
NATIONAL WEATHER SERVICE SAN DIEGO, CA
218 AM PDT MON SEP 26 2022

...................................

...THE ONTARIO INTL AIRPORT CA CLIMATE SUMMARY FOR SEPTEMBER 25 2022...

CLIMATE NORMAL PERIOD: 1991 TO 2020
CLIMATE RECORD PERIOD: 1998 TO 2022


WEATHER ITEM   OBSERVED TIME   RECORD YEAR NORMAL DEPARTURE LAST
                VALUE   (LST)  VALUE       VALUE  FROM      YEAR
                                                  NORMAL
...................................................................
TEMPERATURE (F)
 YESTERDAY
  MAXIMUM         96   2:53 PM 105    2010  89      7       89
  MINIMUM         68   5:21 AM  52    2005  62      6       65
  AVERAGE         82                        75      7       77

PRECIPITATION (IN)
  YESTERDAY        0.00          T    2021   0.01  -0.01      T
  MONTH TO DATE    0.27                      0.08   0.19      T
  SINCE JUL 1      0.30                      0.16   0.14     0.49
  SINCE OCT 1      9.32                     11.62  -2.30     6.56
  SINCE JAN 1      1.70                      8.52  -6.82     4.41

DEGREE DAYS
 HEATING
  YESTERDAY        0                         0      0        0
  MONTH TO DATE    0                         0      0        0
  SINCE SEP 1      0                         0      0        0
  SINCE JUL 1      0                         0      0        0

 COOLING
  YESTERDAY       17                        10      7       12
  MONTH TO DATE  412                       329     83      393
  SINCE SEP 1    412                       329     83      393
  SINCE JAN 1   2034                      1702    332     2098
...................................................................


WIND (MPH)
  RESULTANT WIND SPEED   4   RESULTANT WIND DIRECTION   W (250)
  HIGHEST WIND SPEED    16   HIGHEST WIND DIRECTION     W (260)
  HIGHEST GUST SPEED    21   HIGHEST GUST DIRECTION     W (270)
  AVERAGE WIND SPEED     4.6


SKY COVER
  POSSIBLE SUNSHINE  MM
  AVERAGE SKY COVER 0.2


WEATHER CONDITIONS
THE FOLLOWING WEATHER WAS RECORDED YESTERDAY.
  NO SIGNIFICANT WEATHER WAS OBSERVED.


RELATIVE HUMIDITY (PERCENT)
 HIGHEST    53           6:00 AM
 LOWEST     21           6:00 PM
 AVERAGE    37

..........................................................


THE ONTARIO INTL AIRPORT CA CLIMATE NORMALS FOR TODAY
                         NORMAL    RECORD    YEAR
 MAXIMUM TEMPERATURE (F)   88       107      2010
 MINIMUM TEMPERATURE (F)   62        54      2005


SUNRISE AND SUNSET
SEPTEMBER 26 2022.....SUNRISE   6:41 AM PDT   SUNSET   6:41 PM PDT
SEPTEMBER 27 2022.....SUNRISE   6:42 AM PDT   SUNSET   6:40 PM PDT


-  INDICATES NEGATIVE NUMBERS.
R  INDICATES RECORD WAS SET OR TIED.
MM INDICATES DATA IS MISSING.
T  INDICATES TRACE AMOUNT.




$$
