000
CDUS41 KAKQ 020625
CLIORF

CLIMATE REPORT
NATIONAL WEATHER SERVICE WAKEFIELD VA
225 AM EDT SUN OCT 02 2022

...................................

...THE NORFOLK VA CLIMATE SUMMARY FOR OCTOBER 1 2022...

CLIMATE NORMAL PERIOD: 1991 TO 2020
CLIMATE RECORD PERIOD: 1871 TO 2022


WEATHER ITEM   OBSERVED TIME   RECORD YEAR NORMAL DEPARTURE LAST
                VALUE   (LST)  VALUE       VALUE  FROM      YEAR
                                                  NORMAL
...................................................................
TEMPERATURE (F)
 YESTERDAY
  MAXIMUM         79   3:02 PM  94    1986  77      2       71
  MINIMUM         61  11:59 PM  40    1947  61      0       55
  AVERAGE         70                        69      1       63

PRECIPITATION (IN)
  YESTERDAY        0.00          4.75 1929   0.14  -0.14     0.00
  MONTH TO DATE    0.00                      0.14  -0.14     0.00
  SINCE SEP 1      3.78                      5.54  -1.76     2.99
  SINCE JAN 1     31.04                     39.08  -8.04    33.46

SNOWFALL (IN)
  YESTERDAY        0.0           0.0  2001   0.0    0.0
                                      2002
  MONTH TO DATE    0.0                       0.0    0.0
  SINCE SEP 1      0.0                       0.0    0.0
  SINCE JUL 1      0.0                       0.0    0.0
  SNOW DEPTH       0

DEGREE DAYS
 HEATING
  YESTERDAY        0                         1     -1        2
  MONTH TO DATE    0                         1     -1        2
  SINCE SEP 1      1                         6     -5        2
  SINCE JUL 1      1                         6     -5        2

 COOLING
  YESTERDAY        5                         5      0        0
  MONTH TO DATE    5                         5      0        0
  SINCE SEP 1    305                       280     25      242
  SINCE JAN 1   1836                      1790     46     1843
...................................................................


WIND (MPH)
  HIGHEST WIND SPEED    22   HIGHEST WIND DIRECTION     S (200)
  HIGHEST GUST SPEED    27   HIGHEST GUST DIRECTION     S (190)
  AVERAGE WIND SPEED     6.8


SKY COVER
  POSSIBLE SUNSHINE  MM
  AVERAGE SKY COVER 0.6


WEATHER CONDITIONS
THE FOLLOWING WEATHER WAS RECORDED YESTERDAY.
  FOG


RELATIVE HUMIDITY (PERCENT)
 HIGHEST   100          12:00 AM
 LOWEST     56           3:00 PM
 AVERAGE    78

..........................................................


THE NORFOLK VA CLIMATE NORMALS FOR TODAY
                         NORMAL    RECORD    YEAR
 MAXIMUM TEMPERATURE (F)   77        93      2019
 MINIMUM TEMPERATURE (F)   61        37      1947


SUNRISE AND SUNSET
OCTOBER  2 2022.......SUNRISE   7:01 AM EDT   SUNSET   6:47 PM EDT
OCTOBER  3 2022.......SUNRISE   7:02 AM EDT   SUNSET   6:45 PM EDT


-  INDICATES NEGATIVE NUMBERS.
R  INDICATES RECORD WAS SET OR TIED.
MM INDICATES DATA IS MISSING.
T  INDICATES TRACE AMOUNT.




$$
